{"id":28659,"date":"2026-04-29T16:37:31","date_gmt":"2026-04-29T14:37:31","guid":{"rendered":"https:\/\/welabplus.com\/wevision\/?post_type=product&#038;p=28659"},"modified":"2026-04-29T16:37:31","modified_gmt":"2026-04-29T14:37:31","slug":"barra-telescopica-kupo-kcp-636b-big-boom","status":"publish","type":"product","link":"https:\/\/welabplus.com\/wevision\/catalogo\/soporte-rigging\/brazos-boom-polecats\/barra-telescopica-kupo-kcp-636b-big-boom\/","title":{"rendered":"BARRA TELESC\u00d3PICA KUPO KCP-636B BIG BOOM"},"content":{"rendered":"<p class=\"p1\">La <strong>BARRA TELESC\u00d3PICA KUPO KCP-636B BIG BOOM<\/strong> es un producto telesc\u00f3pico profesional dise\u00f1ado para llevar la iluminaci\u00f3n a otro nivel en rodajes de cine y televisi\u00f3n. Su sistema de ajuste de precisi\u00f3n permite posicionar focos con total control incluso en configuraciones complejas, facilitando esquemas de luz cenital o fuera de eje con m\u00e1xima estabilidad y seguridad.<\/p>\n<p>La Barra telesc\u00f3pica Kupo Big Boom es ideal para montarla en Pie de estudio y garantizar una posici\u00f3n exacta para tu luz con facilidad y comodidad. Su exclusivo dise\u00f1o mec\u00e1nico permite plegarlo limpiamente, lo que constituye una soluci\u00f3n ideal para guardarlo y transportarlo.<\/p>\n<p>&nbsp;<\/p>\n<h3>Especificaciones T\u00e9cnicas de la BARRA TELESC\u00d3PICA KUPO KCP-636B BIG BOOM:<\/h3>\n<table class=\"table-product-2-colonne-genrale\" style=\"height: 142px;\" width=\"604\">\n<tbody>\n<tr>\n<td class=\"table-colonna-2a-product\"><strong>Peso<\/strong><\/td>\n<td class=\"table-colonna-2b-product\">15 kg<\/td>\n<\/tr>\n<tr>\n<td class=\"table-colonna-2a-product\"><strong>Alcance<\/strong><\/td>\n<td class=\"table-colonna-2b-product\">6 kg<\/td>\n<\/tr>\n<tr>\n<td class=\"table-colonna-2a-product\"><strong>Extensi\u00f3n m\u00ednima<\/strong><\/td>\n<td class=\"table-colonna-2b-product\">2,25 m<\/td>\n<\/tr>\n<tr>\n<td class=\"table-colonna-2a-product\"><strong>Extensi\u00f3n m\u00e1xima<\/strong><\/td>\n<td class=\"table-colonna-2b-product\">3,63 m<\/td>\n<\/tr>\n<tr>\n<td class=\"table-colonna-2a-product\"><strong>Color<\/strong><\/td>\n<td class=\"table-colonna-2b-product\">Negro<\/td>\n<\/tr>\n<tr>\n<td class=\"table-colonna-2a-product\"><strong>Material<\/strong><\/td>\n<td class=\"table-colonna-2b-product\">Aluminio, acero<\/td>\n<\/tr>\n<\/tbody>\n<\/table>\n<h3>V\u00eddeo T\u00e9cnico del producto:<\/h3>\n<p><iframe loading=\"lazy\" title=\"YouTube video player\" src=\"https:\/\/www.youtube.com\/embed\/MVujkQmzuHY?si=JInFrKxVeRM1yLVK\" width=\"845\" height=\"475\" frameborder=\"0\" allowfullscreen=\"allowfullscreen\"><\/iframe><br \/>\n<strong>M\u00e1s informaci\u00f3n<\/strong> en la\u00a0<a href=\"https:\/\/www.caligri.com\/products\/airtube-classic-100\">web del anunciante.<\/a><\/p>\n<div>\n<div class=\"\">\n<p>&nbsp;<\/p>\n<\/div>\n<\/div>\n<hr \/>\n<div class=\"social-icon social-big\"><a href=\"https:\/\/www.facebook.com\/welabplus\/\" target=\"_blank\" title=\"\"><i class=\"fa fa-facebook\"><\/i><\/a><\/div>\n<div class=\"social-icon social-big\"><a href=\"https:\/\/twitter.com\/welabplus\" target=\"_blank\" title=\"\"><i class=\"fa fa-twitter\"><\/i><\/a><\/div>\n<div class=\"social-icon social-big\"><a href=\"https:\/\/www.instagram.com\/welabplus\/?hl=es\" target=\"_blank\" title=\"\"><i class=\"fa fa-instagram\"><\/i><\/a><\/div>\n<div class=\"social-icon social-big\"><a href=\"https:\/\/www.linkedin.com\/company\/welabplus\" target=\"_blank\" title=\"\"><i class=\"fa fa-linkedin\"><\/i><\/a><\/div>\n","protected":false},"excerpt":{"rendered":"<p>La BARRA TELESC\u00d3PICA KUPO KCP-636B BIG BOOM es un producto telesc\u00f3pico profesional dise\u00f1ado para llevar la iluminaci\u00f3n a otro nivel [&hellip;]<\/p>\n","protected":false},"featured_media":28647,"comment_status":"closed","ping_status":"closed","template":"","meta":{"_acf_changed":false,"inline_featured_image":false},"product_brand":[],"product_cat":[9314],"product_tag":[9660,9661,9652,9653,9654,9655,9656,9657,9658,9659],"class_list":{"0":"post-28659","1":"product","2":"type-product","3":"status-publish","4":"has-post-thumbnail","6":"product_cat-brazos-boom-polecats","7":"product_tag-equipamiento-para-plato","8":"product_tag-grip-para-dojaes","9":"product_tag-kupo-grip","10":"product_tag-kcp-363b","11":"product_tag-big-boom","12":"product_tag-barra-telescopica","13":"product_tag-brazo-de-jirafa","14":"product_tag-accesorios-de-agarre-profesional","15":"product_tag-boom-para-iluminacion-profesional","16":"product_tag-brazo-extensible-para-focos","18":"first","19":"instock","20":"shipping-taxable","21":"purchasable","22":"product-type-simple"},"acf":[],"yoast_head":"<!-- This site is optimized with the Yoast SEO plugin v26.2 - https:\/\/yoast.com\/wordpress\/plugins\/seo\/ -->\n<title>BARRA TELESC\u00d3PICA KUPO KCP-636B BIG BOOM - Wevision<\/title>\n<meta name=\"description\" content=\"La BARRA TELESC\u00d3PICA KUPO KCP-636B BIG BOOM es un producto telesc\u00f3pico profesional dise\u00f1ado para llevar la iluminaci\u00f3n a otro nivel en rodajes de cine y...\" \/>\n<meta name=\"robots\" content=\"index, follow, max-snippet:-1, max-image-preview:large, max-video-preview:-1\" \/>\n<link rel=\"canonical\" href=\"https:\/\/welabplus.com\/wevision\/catalogo\/soporte-rigging\/brazos-boom-polecats\/barra-telescopica-kupo-kcp-636b-big-boom\/\" \/>\n<meta property=\"og:locale\" content=\"es_ES\" \/>\n<meta property=\"og:type\" content=\"article\" \/>\n<meta property=\"og:title\" content=\"BARRA TELESC\u00d3PICA KUPO KCP-636B BIG BOOM - Wevision\" \/>\n<meta property=\"og:description\" content=\"La BARRA TELESC\u00d3PICA KUPO KCP-636B BIG BOOM es un producto telesc\u00f3pico profesional dise\u00f1ado para llevar la iluminaci\u00f3n a otro nivel en rodajes de cine y...\" \/>\n<meta property=\"og:url\" content=\"https:\/\/welabplus.com\/wevision\/catalogo\/soporte-rigging\/brazos-boom-polecats\/barra-telescopica-kupo-kcp-636b-big-boom\/\" \/>\n<meta property=\"og:site_name\" content=\"Wevision\" \/>\n<meta property=\"article:publisher\" content=\"https:\/\/www.facebook.com\/welab.es\/\" \/>\n<meta property=\"og:image\" content=\"https:\/\/welabplus.com\/wevision\/wp-content\/uploads\/2026\/04\/ALQUILER-BARRA-TELESCOPICA-KUPO-KCP-636B-BIG-BOOM-WEVISION.jpg\" \/>\n\t<meta property=\"og:image:width\" content=\"933\" \/>\n\t<meta property=\"og:image:height\" content=\"557\" \/>\n\t<meta property=\"og:image:type\" content=\"image\/jpeg\" \/>\n<meta name=\"twitter:card\" content=\"summary_large_image\" \/>\n<meta name=\"twitter:site\" content=\"@welabspain\" \/>\n<meta name=\"twitter:label1\" content=\"Tiempo de lectura\" \/>\n\t<meta name=\"twitter:data1\" content=\"1 minuto\" \/>\n<script type=\"application\/ld+json\" class=\"yoast-schema-graph\">{\"@context\":\"https:\/\/schema.org\",\"@graph\":[{\"@type\":\"WebPage\",\"@id\":\"https:\/\/welabplus.com\/wevision\/catalogo\/soporte-rigging\/brazos-boom-polecats\/barra-telescopica-kupo-kcp-636b-big-boom\/\",\"url\":\"https:\/\/welabplus.com\/wevision\/catalogo\/soporte-rigging\/brazos-boom-polecats\/barra-telescopica-kupo-kcp-636b-big-boom\/\",\"name\":\"BARRA TELESC\u00d3PICA KUPO KCP-636B BIG BOOM - Wevision\",\"isPartOf\":{\"@id\":\"https:\/\/welabplus.com\/wevision\/#website\"},\"primaryImageOfPage\":{\"@id\":\"https:\/\/welabplus.com\/wevision\/catalogo\/soporte-rigging\/brazos-boom-polecats\/barra-telescopica-kupo-kcp-636b-big-boom\/#primaryimage\"},\"image\":{\"@id\":\"https:\/\/welabplus.com\/wevision\/catalogo\/soporte-rigging\/brazos-boom-polecats\/barra-telescopica-kupo-kcp-636b-big-boom\/#primaryimage\"},\"thumbnailUrl\":\"https:\/\/welabplus.com\/wevision\/wp-content\/uploads\/2026\/04\/ALQUILER-BARRA-TELESCOPICA-KUPO-KCP-636B-BIG-BOOM-WEVISION.jpg\",\"datePublished\":\"2026-04-29T14:37:31+00:00\",\"description\":\"La BARRA TELESC\u00d3PICA KUPO KCP-636B BIG BOOM es un producto telesc\u00f3pico profesional dise\u00f1ado para llevar la iluminaci\u00f3n a otro nivel en rodajes de cine y...\",\"breadcrumb\":{\"@id\":\"https:\/\/welabplus.com\/wevision\/catalogo\/soporte-rigging\/brazos-boom-polecats\/barra-telescopica-kupo-kcp-636b-big-boom\/#breadcrumb\"},\"inLanguage\":\"es\",\"potentialAction\":[{\"@type\":\"ReadAction\",\"target\":[\"https:\/\/welabplus.com\/wevision\/catalogo\/soporte-rigging\/brazos-boom-polecats\/barra-telescopica-kupo-kcp-636b-big-boom\/\"]}]},{\"@type\":\"ImageObject\",\"inLanguage\":\"es\",\"@id\":\"https:\/\/welabplus.com\/wevision\/catalogo\/soporte-rigging\/brazos-boom-polecats\/barra-telescopica-kupo-kcp-636b-big-boom\/#primaryimage\",\"url\":\"https:\/\/welabplus.com\/wevision\/wp-content\/uploads\/2026\/04\/ALQUILER-BARRA-TELESCOPICA-KUPO-KCP-636B-BIG-BOOM-WEVISION.jpg\",\"contentUrl\":\"https:\/\/welabplus.com\/wevision\/wp-content\/uploads\/2026\/04\/ALQUILER-BARRA-TELESCOPICA-KUPO-KCP-636B-BIG-BOOM-WEVISION.jpg\",\"width\":933,\"height\":557,\"caption\":\"ALQUILER BARRA TELESC\u00d3PICA KUPO KCP 636B BIG BOOM WEVISION\"},{\"@type\":\"BreadcrumbList\",\"@id\":\"https:\/\/welabplus.com\/wevision\/catalogo\/soporte-rigging\/brazos-boom-polecats\/barra-telescopica-kupo-kcp-636b-big-boom\/#breadcrumb\",\"itemListElement\":[{\"@type\":\"ListItem\",\"position\":1,\"name\":\"Portada\",\"item\":\"https:\/\/welabplus.com\/wevision\/\"},{\"@type\":\"ListItem\",\"position\":2,\"name\":\"Cat\u00e1logo\",\"item\":\"https:\/\/welabplus.com\/wevision\/catalogo\/\"},{\"@type\":\"ListItem\",\"position\":3,\"name\":\"BARRA TELESC\u00d3PICA KUPO KCP-636B BIG BOOM\"}]},{\"@type\":\"WebSite\",\"@id\":\"https:\/\/welabplus.com\/wevision\/#website\",\"url\":\"https:\/\/welabplus.com\/wevision\/\",\"name\":\"Welabplus\",\"description\":\"C\u00e1maras y lentes para cine\",\"publisher\":{\"@id\":\"https:\/\/welabplus.com\/wevision\/#organization\"},\"potentialAction\":[{\"@type\":\"SearchAction\",\"target\":{\"@type\":\"EntryPoint\",\"urlTemplate\":\"https:\/\/welabplus.com\/wevision\/?s={search_term_string}\"},\"query-input\":{\"@type\":\"PropertyValueSpecification\",\"valueRequired\":true,\"valueName\":\"search_term_string\"}}],\"inLanguage\":\"es\"},{\"@type\":\"Organization\",\"@id\":\"https:\/\/welabplus.com\/wevision\/#organization\",\"name\":\"Welab Canary Islands\",\"url\":\"https:\/\/welabplus.com\/wevision\/\",\"logo\":{\"@type\":\"ImageObject\",\"inLanguage\":\"es\",\"@id\":\"https:\/\/welabplus.com\/wevision\/#\/schema\/logo\/image\/\",\"url\":\"\",\"contentUrl\":\"\",\"caption\":\"Welab Canary Islands\"},\"image\":{\"@id\":\"https:\/\/welabplus.com\/wevision\/#\/schema\/logo\/image\/\"},\"sameAs\":[\"https:\/\/www.facebook.com\/welab.es\/\",\"https:\/\/x.com\/welabspain\"]}]}<\/script>\n<!-- \/ Yoast SEO plugin. -->","yoast_head_json":{"title":"BARRA TELESC\u00d3PICA KUPO KCP-636B BIG BOOM - Wevision","description":"La BARRA TELESC\u00d3PICA KUPO KCP-636B BIG BOOM es un producto telesc\u00f3pico profesional dise\u00f1ado para llevar la iluminaci\u00f3n a otro nivel en rodajes de cine y...","robots":{"index":"index","follow":"follow","max-snippet":"max-snippet:-1","max-image-preview":"max-image-preview:large","max-video-preview":"max-video-preview:-1"},"canonical":"https:\/\/welabplus.com\/wevision\/catalogo\/soporte-rigging\/brazos-boom-polecats\/barra-telescopica-kupo-kcp-636b-big-boom\/","og_locale":"es_ES","og_type":"article","og_title":"BARRA TELESC\u00d3PICA KUPO KCP-636B BIG BOOM - Wevision","og_description":"La BARRA TELESC\u00d3PICA KUPO KCP-636B BIG BOOM es un producto telesc\u00f3pico profesional dise\u00f1ado para llevar la iluminaci\u00f3n a otro nivel en rodajes de cine y...","og_url":"https:\/\/welabplus.com\/wevision\/catalogo\/soporte-rigging\/brazos-boom-polecats\/barra-telescopica-kupo-kcp-636b-big-boom\/","og_site_name":"Wevision","article_publisher":"https:\/\/www.facebook.com\/welab.es\/","og_image":[{"width":933,"height":557,"url":"https:\/\/welabplus.com\/wevision\/wp-content\/uploads\/2026\/04\/ALQUILER-BARRA-TELESCOPICA-KUPO-KCP-636B-BIG-BOOM-WEVISION.jpg","type":"image\/jpeg"}],"twitter_card":"summary_large_image","twitter_site":"@welabspain","twitter_misc":{"Tiempo de lectura":"1 minuto"},"schema":{"@context":"https:\/\/schema.org","@graph":[{"@type":"WebPage","@id":"https:\/\/welabplus.com\/wevision\/catalogo\/soporte-rigging\/brazos-boom-polecats\/barra-telescopica-kupo-kcp-636b-big-boom\/","url":"https:\/\/welabplus.com\/wevision\/catalogo\/soporte-rigging\/brazos-boom-polecats\/barra-telescopica-kupo-kcp-636b-big-boom\/","name":"BARRA TELESC\u00d3PICA KUPO KCP-636B BIG BOOM - Wevision","isPartOf":{"@id":"https:\/\/welabplus.com\/wevision\/#website"},"primaryImageOfPage":{"@id":"https:\/\/welabplus.com\/wevision\/catalogo\/soporte-rigging\/brazos-boom-polecats\/barra-telescopica-kupo-kcp-636b-big-boom\/#primaryimage"},"image":{"@id":"https:\/\/welabplus.com\/wevision\/catalogo\/soporte-rigging\/brazos-boom-polecats\/barra-telescopica-kupo-kcp-636b-big-boom\/#primaryimage"},"thumbnailUrl":"https:\/\/welabplus.com\/wevision\/wp-content\/uploads\/2026\/04\/ALQUILER-BARRA-TELESCOPICA-KUPO-KCP-636B-BIG-BOOM-WEVISION.jpg","datePublished":"2026-04-29T14:37:31+00:00","description":"La BARRA TELESC\u00d3PICA KUPO KCP-636B BIG BOOM es un producto telesc\u00f3pico profesional dise\u00f1ado para llevar la iluminaci\u00f3n a otro nivel en rodajes de cine y...","breadcrumb":{"@id":"https:\/\/welabplus.com\/wevision\/catalogo\/soporte-rigging\/brazos-boom-polecats\/barra-telescopica-kupo-kcp-636b-big-boom\/#breadcrumb"},"inLanguage":"es","potentialAction":[{"@type":"ReadAction","target":["https:\/\/welabplus.com\/wevision\/catalogo\/soporte-rigging\/brazos-boom-polecats\/barra-telescopica-kupo-kcp-636b-big-boom\/"]}]},{"@type":"ImageObject","inLanguage":"es","@id":"https:\/\/welabplus.com\/wevision\/catalogo\/soporte-rigging\/brazos-boom-polecats\/barra-telescopica-kupo-kcp-636b-big-boom\/#primaryimage","url":"https:\/\/welabplus.com\/wevision\/wp-content\/uploads\/2026\/04\/ALQUILER-BARRA-TELESCOPICA-KUPO-KCP-636B-BIG-BOOM-WEVISION.jpg","contentUrl":"https:\/\/welabplus.com\/wevision\/wp-content\/uploads\/2026\/04\/ALQUILER-BARRA-TELESCOPICA-KUPO-KCP-636B-BIG-BOOM-WEVISION.jpg","width":933,"height":557,"caption":"ALQUILER BARRA TELESC\u00d3PICA KUPO KCP 636B BIG BOOM WEVISION"},{"@type":"BreadcrumbList","@id":"https:\/\/welabplus.com\/wevision\/catalogo\/soporte-rigging\/brazos-boom-polecats\/barra-telescopica-kupo-kcp-636b-big-boom\/#breadcrumb","itemListElement":[{"@type":"ListItem","position":1,"name":"Portada","item":"https:\/\/welabplus.com\/wevision\/"},{"@type":"ListItem","position":2,"name":"Cat\u00e1logo","item":"https:\/\/welabplus.com\/wevision\/catalogo\/"},{"@type":"ListItem","position":3,"name":"BARRA TELESC\u00d3PICA KUPO KCP-636B BIG BOOM"}]},{"@type":"WebSite","@id":"https:\/\/welabplus.com\/wevision\/#website","url":"https:\/\/welabplus.com\/wevision\/","name":"Welabplus","description":"C\u00e1maras y lentes para cine","publisher":{"@id":"https:\/\/welabplus.com\/wevision\/#organization"},"potentialAction":[{"@type":"SearchAction","target":{"@type":"EntryPoint","urlTemplate":"https:\/\/welabplus.com\/wevision\/?s={search_term_string}"},"query-input":{"@type":"PropertyValueSpecification","valueRequired":true,"valueName":"search_term_string"}}],"inLanguage":"es"},{"@type":"Organization","@id":"https:\/\/welabplus.com\/wevision\/#organization","name":"Welab Canary Islands","url":"https:\/\/welabplus.com\/wevision\/","logo":{"@type":"ImageObject","inLanguage":"es","@id":"https:\/\/welabplus.com\/wevision\/#\/schema\/logo\/image\/","url":"","contentUrl":"","caption":"Welab Canary Islands"},"image":{"@id":"https:\/\/welabplus.com\/wevision\/#\/schema\/logo\/image\/"},"sameAs":["https:\/\/www.facebook.com\/welab.es\/","https:\/\/x.com\/welabspain"]}]}},"_links":{"self":[{"href":"https:\/\/welabplus.com\/wevision\/wp-json\/wp\/v2\/product\/28659","targetHints":{"allow":["GET"]}}],"collection":[{"href":"https:\/\/welabplus.com\/wevision\/wp-json\/wp\/v2\/product"}],"about":[{"href":"https:\/\/welabplus.com\/wevision\/wp-json\/wp\/v2\/types\/product"}],"replies":[{"embeddable":true,"href":"https:\/\/welabplus.com\/wevision\/wp-json\/wp\/v2\/comments?post=28659"}],"wp:featuredmedia":[{"embeddable":true,"href":"https:\/\/welabplus.com\/wevision\/wp-json\/wp\/v2\/media\/28647"}],"wp:attachment":[{"href":"https:\/\/welabplus.com\/wevision\/wp-json\/wp\/v2\/media?parent=28659"}],"wp:term":[{"taxonomy":"product_brand","embeddable":true,"href":"https:\/\/welabplus.com\/wevision\/wp-json\/wp\/v2\/product_brand?post=28659"},{"taxonomy":"product_cat","embeddable":true,"href":"https:\/\/welabplus.com\/wevision\/wp-json\/wp\/v2\/product_cat?post=28659"},{"taxonomy":"product_tag","embeddable":true,"href":"https:\/\/welabplus.com\/wevision\/wp-json\/wp\/v2\/product_tag?post=28659"}],"curies":[{"name":"wp","href":"https:\/\/api.w.org\/{rel}","templated":true}]}}