{"id":28658,"date":"2026-04-29T16:38:25","date_gmt":"2026-04-29T14:38:25","guid":{"rendered":"https:\/\/welabplus.com\/wevision\/?post_type=product&#038;p=28658"},"modified":"2026-04-29T16:38:25","modified_gmt":"2026-04-29T14:38:25","slug":"big-ben","status":"publish","type":"product","link":"https:\/\/welabplus.com\/wevision\/catalogo\/soporte-rigging\/clamps-y-adaptadores\/big-ben\/","title":{"rendered":"BIG BEN"},"content":{"rendered":"<p class=\"p1\">La <b>garra BIG BEN<\/b> es un clamp de grip profesional dise\u00f1ado para fijar de forma segura tubos, barras o estructuras (truss\/speed rail) en rodajes de cine y televisi\u00f3n. Incorpora un espig\u00f3n junior de 28 mm que permite montar focos u otros accesorios directamente.<\/p>\n<p>&nbsp;<\/p>\n<p>Las pinzas Big Ben se componen de una grapa que abraza el tubo y un tocho universal de <strong>28 mil\u00edmetros<\/strong>\u00a0(1\/8\u2019\u2019). Est\u00e1n fabricadas en aleaci\u00f3n de aluminio y son de color plata. Para la presi\u00f3n de la abrazadera, utiliza una\u00a0<strong>tuerca de mariposa<\/strong>\u00a0que permite asegurar el equipo. Estas Big Ben son capaces de apretar tuber\u00edas\u00a0<strong>desde 42 mil\u00edmetros de di\u00e1metro hasta los 52 mil\u00edmetros<\/strong>.<\/p>\n<p>Adem\u00e1s, estas grapas de sujeci\u00f3n tienen orificio para el uso de\u00a0<strong>horquillas de seguridad<\/strong>. De todas formas, a la hora de anclar luces en altura, se recomienda a\u00f1adir en el listado\u00a0<strong>eslingas de seguridad<\/strong>.<\/p>\n<p>Fabricada en aluminio o acero de alta resistencia, ofrece una sujeci\u00f3n firme, r\u00e1pida y segura.<\/p>\n<p>&nbsp;<\/p>\n<h3>Especificaciones T\u00e9cnicas de la garra BIG BEN:<\/h3>\n<ul>\n<li class=\"p1\"><b>Peso:<\/b> apr\u00f3x. 0.6 kg.<\/li>\n<li class=\"p1\"><b>Espigot:<\/b> 28 mm.<\/li>\n<li class=\"p1\"><b>Carga m\u00e1xima:<\/b> hasta 200\u2013300 kg seg\u00fan modelo.<\/li>\n<li><strong>Spigot<\/strong> de 11\/8\u2033 (28 mm).<\/li>\n<li><strong>Longitud:<\/strong> 5cm.<\/li>\n<li><strong>Certificaci\u00f3n T\u00dcV.<\/strong><\/li>\n<li><strong>Rango m\u00e1x.:<\/strong> 52 mm.<\/li>\n<li><strong>Rango min.:<\/strong> 42 mm.<\/li>\n<\/ul>\n<div>\n<div class=\"\">\n<p>&nbsp;<\/p>\n<\/div>\n<\/div>\n<hr \/>\n<div class=\"social-icon social-big\"><a href=\"https:\/\/www.facebook.com\/welabplus\/\" target=\"_blank\" title=\"\"><i class=\"fa fa-facebook\"><\/i><\/a><\/div>\n<div class=\"social-icon social-big\"><a href=\"https:\/\/twitter.com\/welabplus\" target=\"_blank\" title=\"\"><i class=\"fa fa-twitter\"><\/i><\/a><\/div>\n<div class=\"social-icon social-big\"><a href=\"https:\/\/www.instagram.com\/welabplus\/?hl=es\" target=\"_blank\" title=\"\"><i class=\"fa fa-instagram\"><\/i><\/a><\/div>\n<div class=\"social-icon social-big\"><a href=\"https:\/\/www.linkedin.com\/company\/welabplus\" target=\"_blank\" title=\"\"><i class=\"fa fa-linkedin\"><\/i><\/a><\/div>\n","protected":false},"excerpt":{"rendered":"<p>La garra BIG BEN es un clamp de grip profesional dise\u00f1ado para fijar de forma segura tubos, barras o estructuras [&hellip;]<\/p>\n","protected":false},"featured_media":28651,"comment_status":"closed","ping_status":"closed","template":"","meta":{"_acf_changed":false,"inline_featured_image":false},"product_brand":[],"product_cat":[9315],"product_tag":[9664,9665,9666,9667,9668,9669,9670,9652,9662,9663],"class_list":{"0":"post-28658","1":"product","2":"type-product","3":"status-publish","4":"has-post-thumbnail","6":"product_cat-clamps-y-adaptadores","7":"product_tag-garra-big-ben","8":"product_tag-abrazadera-de-acoplamiento","9":"product_tag-rigging-de-iluminacion","10":"product_tag-montaje-en-truss","11":"product_tag-estructuras-de-andamio","12":"product_tag-soporte-para-focos-de-gran-potencia","13":"product_tag-instalaciones-fijas-y-giras","14":"product_tag-kupo-grip","15":"product_tag-kcp-342","16":"product_tag-big-ben-clamp","18":"first","19":"instock","20":"shipping-taxable","21":"purchasable","22":"product-type-simple"},"acf":[],"yoast_head":"<!-- This site is optimized with the Yoast SEO plugin v26.2 - https:\/\/yoast.com\/wordpress\/plugins\/seo\/ -->\n<title>BIG BEN - Wevision<\/title>\n<meta name=\"description\" content=\"La garra BIG BEN es un clamp de grip profesional dise\u00f1ado para fijar de forma segura tubos, barras o estructuras (truss\/speed rail) en rodajes de cine y...\" \/>\n<meta name=\"robots\" content=\"index, follow, max-snippet:-1, max-image-preview:large, max-video-preview:-1\" \/>\n<link rel=\"canonical\" href=\"https:\/\/welabplus.com\/wevision\/catalogo\/soporte-rigging\/clamps-y-adaptadores\/big-ben\/\" \/>\n<meta property=\"og:locale\" content=\"es_ES\" \/>\n<meta property=\"og:type\" content=\"article\" \/>\n<meta property=\"og:title\" content=\"BIG BEN - Wevision\" \/>\n<meta property=\"og:description\" content=\"La garra BIG BEN es un clamp de grip profesional dise\u00f1ado para fijar de forma segura tubos, barras o estructuras (truss\/speed rail) en rodajes de cine y...\" \/>\n<meta property=\"og:url\" content=\"https:\/\/welabplus.com\/wevision\/catalogo\/soporte-rigging\/clamps-y-adaptadores\/big-ben\/\" \/>\n<meta property=\"og:site_name\" content=\"Wevision\" \/>\n<meta property=\"article:publisher\" content=\"https:\/\/www.facebook.com\/welab.es\/\" \/>\n<meta property=\"og:image\" content=\"https:\/\/welabplus.com\/wevision\/wp-content\/uploads\/2026\/04\/ALQUILER-GARRA-BIG-BEN-WEVISION.jpg\" \/>\n\t<meta property=\"og:image:width\" content=\"933\" \/>\n\t<meta property=\"og:image:height\" content=\"557\" \/>\n\t<meta property=\"og:image:type\" content=\"image\/jpeg\" \/>\n<meta name=\"twitter:card\" content=\"summary_large_image\" \/>\n<meta name=\"twitter:site\" content=\"@welabspain\" \/>\n<meta name=\"twitter:label1\" content=\"Tiempo de lectura\" \/>\n\t<meta name=\"twitter:data1\" content=\"2 minutos\" \/>\n<script type=\"application\/ld+json\" class=\"yoast-schema-graph\">{\"@context\":\"https:\/\/schema.org\",\"@graph\":[{\"@type\":\"WebPage\",\"@id\":\"https:\/\/welabplus.com\/wevision\/catalogo\/soporte-rigging\/clamps-y-adaptadores\/big-ben\/\",\"url\":\"https:\/\/welabplus.com\/wevision\/catalogo\/soporte-rigging\/clamps-y-adaptadores\/big-ben\/\",\"name\":\"BIG BEN - Wevision\",\"isPartOf\":{\"@id\":\"https:\/\/welabplus.com\/wevision\/#website\"},\"primaryImageOfPage\":{\"@id\":\"https:\/\/welabplus.com\/wevision\/catalogo\/soporte-rigging\/clamps-y-adaptadores\/big-ben\/#primaryimage\"},\"image\":{\"@id\":\"https:\/\/welabplus.com\/wevision\/catalogo\/soporte-rigging\/clamps-y-adaptadores\/big-ben\/#primaryimage\"},\"thumbnailUrl\":\"https:\/\/welabplus.com\/wevision\/wp-content\/uploads\/2026\/04\/ALQUILER-GARRA-BIG-BEN-WEVISION.jpg\",\"datePublished\":\"2026-04-29T14:38:25+00:00\",\"description\":\"La garra BIG BEN es un clamp de grip profesional dise\u00f1ado para fijar de forma segura tubos, barras o estructuras (truss\/speed rail) en rodajes de cine y...\",\"breadcrumb\":{\"@id\":\"https:\/\/welabplus.com\/wevision\/catalogo\/soporte-rigging\/clamps-y-adaptadores\/big-ben\/#breadcrumb\"},\"inLanguage\":\"es\",\"potentialAction\":[{\"@type\":\"ReadAction\",\"target\":[\"https:\/\/welabplus.com\/wevision\/catalogo\/soporte-rigging\/clamps-y-adaptadores\/big-ben\/\"]}]},{\"@type\":\"ImageObject\",\"inLanguage\":\"es\",\"@id\":\"https:\/\/welabplus.com\/wevision\/catalogo\/soporte-rigging\/clamps-y-adaptadores\/big-ben\/#primaryimage\",\"url\":\"https:\/\/welabplus.com\/wevision\/wp-content\/uploads\/2026\/04\/ALQUILER-GARRA-BIG-BEN-WEVISION.jpg\",\"contentUrl\":\"https:\/\/welabplus.com\/wevision\/wp-content\/uploads\/2026\/04\/ALQUILER-GARRA-BIG-BEN-WEVISION.jpg\",\"width\":933,\"height\":557,\"caption\":\"ALQUILER GARRA BIG BEN WEVISION\"},{\"@type\":\"BreadcrumbList\",\"@id\":\"https:\/\/welabplus.com\/wevision\/catalogo\/soporte-rigging\/clamps-y-adaptadores\/big-ben\/#breadcrumb\",\"itemListElement\":[{\"@type\":\"ListItem\",\"position\":1,\"name\":\"Portada\",\"item\":\"https:\/\/welabplus.com\/wevision\/\"},{\"@type\":\"ListItem\",\"position\":2,\"name\":\"Cat\u00e1logo\",\"item\":\"https:\/\/welabplus.com\/wevision\/catalogo\/\"},{\"@type\":\"ListItem\",\"position\":3,\"name\":\"BIG BEN\"}]},{\"@type\":\"WebSite\",\"@id\":\"https:\/\/welabplus.com\/wevision\/#website\",\"url\":\"https:\/\/welabplus.com\/wevision\/\",\"name\":\"Welabplus\",\"description\":\"C\u00e1maras y lentes para cine\",\"publisher\":{\"@id\":\"https:\/\/welabplus.com\/wevision\/#organization\"},\"potentialAction\":[{\"@type\":\"SearchAction\",\"target\":{\"@type\":\"EntryPoint\",\"urlTemplate\":\"https:\/\/welabplus.com\/wevision\/?s={search_term_string}\"},\"query-input\":{\"@type\":\"PropertyValueSpecification\",\"valueRequired\":true,\"valueName\":\"search_term_string\"}}],\"inLanguage\":\"es\"},{\"@type\":\"Organization\",\"@id\":\"https:\/\/welabplus.com\/wevision\/#organization\",\"name\":\"Welab Canary Islands\",\"url\":\"https:\/\/welabplus.com\/wevision\/\",\"logo\":{\"@type\":\"ImageObject\",\"inLanguage\":\"es\",\"@id\":\"https:\/\/welabplus.com\/wevision\/#\/schema\/logo\/image\/\",\"url\":\"\",\"contentUrl\":\"\",\"caption\":\"Welab Canary Islands\"},\"image\":{\"@id\":\"https:\/\/welabplus.com\/wevision\/#\/schema\/logo\/image\/\"},\"sameAs\":[\"https:\/\/www.facebook.com\/welab.es\/\",\"https:\/\/x.com\/welabspain\"]}]}<\/script>\n<!-- \/ Yoast SEO plugin. -->","yoast_head_json":{"title":"BIG BEN - Wevision","description":"La garra BIG BEN es un clamp de grip profesional dise\u00f1ado para fijar de forma segura tubos, barras o estructuras (truss\/speed rail) en rodajes de cine y...","robots":{"index":"index","follow":"follow","max-snippet":"max-snippet:-1","max-image-preview":"max-image-preview:large","max-video-preview":"max-video-preview:-1"},"canonical":"https:\/\/welabplus.com\/wevision\/catalogo\/soporte-rigging\/clamps-y-adaptadores\/big-ben\/","og_locale":"es_ES","og_type":"article","og_title":"BIG BEN - Wevision","og_description":"La garra BIG BEN es un clamp de grip profesional dise\u00f1ado para fijar de forma segura tubos, barras o estructuras (truss\/speed rail) en rodajes de cine y...","og_url":"https:\/\/welabplus.com\/wevision\/catalogo\/soporte-rigging\/clamps-y-adaptadores\/big-ben\/","og_site_name":"Wevision","article_publisher":"https:\/\/www.facebook.com\/welab.es\/","og_image":[{"width":933,"height":557,"url":"https:\/\/welabplus.com\/wevision\/wp-content\/uploads\/2026\/04\/ALQUILER-GARRA-BIG-BEN-WEVISION.jpg","type":"image\/jpeg"}],"twitter_card":"summary_large_image","twitter_site":"@welabspain","twitter_misc":{"Tiempo de lectura":"2 minutos"},"schema":{"@context":"https:\/\/schema.org","@graph":[{"@type":"WebPage","@id":"https:\/\/welabplus.com\/wevision\/catalogo\/soporte-rigging\/clamps-y-adaptadores\/big-ben\/","url":"https:\/\/welabplus.com\/wevision\/catalogo\/soporte-rigging\/clamps-y-adaptadores\/big-ben\/","name":"BIG BEN - Wevision","isPartOf":{"@id":"https:\/\/welabplus.com\/wevision\/#website"},"primaryImageOfPage":{"@id":"https:\/\/welabplus.com\/wevision\/catalogo\/soporte-rigging\/clamps-y-adaptadores\/big-ben\/#primaryimage"},"image":{"@id":"https:\/\/welabplus.com\/wevision\/catalogo\/soporte-rigging\/clamps-y-adaptadores\/big-ben\/#primaryimage"},"thumbnailUrl":"https:\/\/welabplus.com\/wevision\/wp-content\/uploads\/2026\/04\/ALQUILER-GARRA-BIG-BEN-WEVISION.jpg","datePublished":"2026-04-29T14:38:25+00:00","description":"La garra BIG BEN es un clamp de grip profesional dise\u00f1ado para fijar de forma segura tubos, barras o estructuras (truss\/speed rail) en rodajes de cine y...","breadcrumb":{"@id":"https:\/\/welabplus.com\/wevision\/catalogo\/soporte-rigging\/clamps-y-adaptadores\/big-ben\/#breadcrumb"},"inLanguage":"es","potentialAction":[{"@type":"ReadAction","target":["https:\/\/welabplus.com\/wevision\/catalogo\/soporte-rigging\/clamps-y-adaptadores\/big-ben\/"]}]},{"@type":"ImageObject","inLanguage":"es","@id":"https:\/\/welabplus.com\/wevision\/catalogo\/soporte-rigging\/clamps-y-adaptadores\/big-ben\/#primaryimage","url":"https:\/\/welabplus.com\/wevision\/wp-content\/uploads\/2026\/04\/ALQUILER-GARRA-BIG-BEN-WEVISION.jpg","contentUrl":"https:\/\/welabplus.com\/wevision\/wp-content\/uploads\/2026\/04\/ALQUILER-GARRA-BIG-BEN-WEVISION.jpg","width":933,"height":557,"caption":"ALQUILER GARRA BIG BEN WEVISION"},{"@type":"BreadcrumbList","@id":"https:\/\/welabplus.com\/wevision\/catalogo\/soporte-rigging\/clamps-y-adaptadores\/big-ben\/#breadcrumb","itemListElement":[{"@type":"ListItem","position":1,"name":"Portada","item":"https:\/\/welabplus.com\/wevision\/"},{"@type":"ListItem","position":2,"name":"Cat\u00e1logo","item":"https:\/\/welabplus.com\/wevision\/catalogo\/"},{"@type":"ListItem","position":3,"name":"BIG BEN"}]},{"@type":"WebSite","@id":"https:\/\/welabplus.com\/wevision\/#website","url":"https:\/\/welabplus.com\/wevision\/","name":"Welabplus","description":"C\u00e1maras y lentes para cine","publisher":{"@id":"https:\/\/welabplus.com\/wevision\/#organization"},"potentialAction":[{"@type":"SearchAction","target":{"@type":"EntryPoint","urlTemplate":"https:\/\/welabplus.com\/wevision\/?s={search_term_string}"},"query-input":{"@type":"PropertyValueSpecification","valueRequired":true,"valueName":"search_term_string"}}],"inLanguage":"es"},{"@type":"Organization","@id":"https:\/\/welabplus.com\/wevision\/#organization","name":"Welab Canary Islands","url":"https:\/\/welabplus.com\/wevision\/","logo":{"@type":"ImageObject","inLanguage":"es","@id":"https:\/\/welabplus.com\/wevision\/#\/schema\/logo\/image\/","url":"","contentUrl":"","caption":"Welab Canary Islands"},"image":{"@id":"https:\/\/welabplus.com\/wevision\/#\/schema\/logo\/image\/"},"sameAs":["https:\/\/www.facebook.com\/welab.es\/","https:\/\/x.com\/welabspain"]}]}},"_links":{"self":[{"href":"https:\/\/welabplus.com\/wevision\/wp-json\/wp\/v2\/product\/28658","targetHints":{"allow":["GET"]}}],"collection":[{"href":"https:\/\/welabplus.com\/wevision\/wp-json\/wp\/v2\/product"}],"about":[{"href":"https:\/\/welabplus.com\/wevision\/wp-json\/wp\/v2\/types\/product"}],"replies":[{"embeddable":true,"href":"https:\/\/welabplus.com\/wevision\/wp-json\/wp\/v2\/comments?post=28658"}],"wp:featuredmedia":[{"embeddable":true,"href":"https:\/\/welabplus.com\/wevision\/wp-json\/wp\/v2\/media\/28651"}],"wp:attachment":[{"href":"https:\/\/welabplus.com\/wevision\/wp-json\/wp\/v2\/media?parent=28658"}],"wp:term":[{"taxonomy":"product_brand","embeddable":true,"href":"https:\/\/welabplus.com\/wevision\/wp-json\/wp\/v2\/product_brand?post=28658"},{"taxonomy":"product_cat","embeddable":true,"href":"https:\/\/welabplus.com\/wevision\/wp-json\/wp\/v2\/product_cat?post=28658"},{"taxonomy":"product_tag","embeddable":true,"href":"https:\/\/welabplus.com\/wevision\/wp-json\/wp\/v2\/product_tag?post=28658"}],"curies":[{"name":"wp","href":"https:\/\/api.w.org\/{rel}","templated":true}]}}