{"id":28571,"date":"2026-03-18T15:42:26","date_gmt":"2026-03-18T14:42:26","guid":{"rendered":"https:\/\/welabplus.com\/wevision\/?post_type=product&#038;p=28571"},"modified":"2026-03-18T15:42:26","modified_gmt":"2026-03-18T14:42:26","slug":"powerbank-ecoflow-delta-max-2048-wh","status":"publish","type":"product","link":"https:\/\/welabplus.com\/wevision\/catalogo\/acumuladores\/powerbank-ecoflow-delta-max-2048-wh\/","title":{"rendered":"POWERBANK ECOFLOW DELTA MAX 2048 WH"},"content":{"rendered":"<p><strong>POWERBANK ECOFLOW DELTA MAX 2048 WH<\/strong> con una bater\u00eda LFP de larga duraci\u00f3n (10 a\u00f1os), duradero, seguro, ligero y con una qu\u00edmica de bater\u00eda LFP mejorada. El <strong>DELTA<\/strong> <strong>Max<\/strong> tiene una vida \u00fatil de 3000 ciclos completos; una vez alcanzados, se reduce al 80 % de su capacidad. Obtendr\u00e1s casi 10 a\u00f1os de energ\u00eda, incluso si lo usa todos los d\u00edas.<\/p>\n<p>&nbsp;<\/p>\n<h3>Caracter\u00edsticas T\u00e9cnicas del POWERBANK ECOFLOW DELTA MAX 2048 WH:<\/h3>\n<p><strong>Ampliaci\u00f3n de capacidad:<\/strong>\u00a02-6 kWh para adaptarse a tus necesidades de almacenamiento de energ\u00eda. A\u00f1ade hasta 2 bater\u00edas inteligentes DELTA 2 Max para alcanzar 6144 Wh. Ideal para reserva de energ\u00eda dom\u00e9stica, caravaning, uso en actividades el aire libre y tambi\u00e9n para uso habitual en el hogar.<\/p>\n<p><strong>Hecho para durar 6 veces m\u00e1s:<\/strong>\u00a0Obt\u00e9n 10 a\u00f1os de uso diario hasta alcanzar el 80 % de su capacidad original. Eso se debe a la qu\u00edmica de su bater\u00eda LFP que ofrece 3000 ciclos.<\/p>\n<p><strong>Gran potencia de salida de CA:<\/strong>\u00a0Con el modo X-Boost podr\u00e1s disponer de 3100 W de potencia para alimentar el 99 % de los electrodom\u00e9sticos del hogar. Alimenta a la vez hasta 13 dispositivos, adem\u00e1s de 4 tomas de CA.<\/p>\n<p><strong>Recarga m\u00e1s r\u00e1pida:<\/strong>\u00a0Las velocidades de recarga de CA m\u00e1s r\u00e1pidas del mundo con sistema dual X-Stream de CA + solar. Hasta 1000 W de entrada solar para cargar en solo 2,3 horas<\/p>\n<p><strong>Capta m\u00e1s energ\u00eda:<\/strong>\u00a099 % de eficiencia MPPT que maximiza la generaci\u00f3n solar<br \/>\nen horas diurnas.<\/p>\n<p><strong>Control personalizado de la energ\u00eda desde una aplicaci\u00f3n m\u00f3vil:<\/strong>\u00a0Prioriza la carga solar o de CA, ve la potencia de entrada y de salida, el nivel de las bater\u00edas y muchos otros par\u00e1metros.<\/p>\n<p>&nbsp;<\/p>\n<h3>Especificaciones T\u00e9cnicas del producto:<\/h3>\n<div class=\"pdp-specs-block\">\n<ul>\n<li class=\"pdp-specs-title\">Capacidad: 2048 Wh.<\/li>\n<li class=\"pdp-specs-title\">Bater\u00eda adicional: admite hasta 2 bater\u00edas inteligentes extra DELTA 2 Max\/1 bater\u00eda inteligente DELTA Max.<\/li>\n<li class=\"pdp-specs-title\">Salida de CA: 4 tomas, 2400 W en total (picos de potencia de 4800 W).<\/li>\n<li class=\"pdp-specs-title\">Potencia m\u00e1xima (con X-Boost): X-Boost 3100 W.<\/li>\n<li class=\"pdp-specs-title\">Salida USB-A: 2 puertos, 5 V, 2,4 A, 12 W m\u00e1x. por puerto.<\/li>\n<li class=\"pdp-specs-title\">Carga r\u00e1pida USB-A: 2 puertos, 5 V, 2,4 A\/9 V, 2 A\/12 V, 1,5 A, 18 W m\u00e1x.<\/li>\n<li class=\"pdp-specs-title\">Salida USB-C: salida de alimentaci\u00f3n de veh\u00edculo.<\/li>\n<li class=\"pdp-specs-title\">Salida de alimentaci\u00f3n de veh\u00edculo: 1 puerto, 12,6 V, 10 A, 126 W m\u00e1x.<\/li>\n<li class=\"pdp-specs-title\">Salida DC5521: 2 puertos, 12,6 V, 3 A, 38 W m\u00e1x. por puerto.<\/li>\n<li class=\"pdp-specs-title\">Carga de CA: carga r\u00e1pida X-stream 2300 W, 10 A.<\/li>\n<li class=\"pdp-specs-title\">Tensi\u00f3n de entrada CA: 220-240 V~ m\u00e1x. 10 A 50\/60 Hz.<\/li>\n<li class=\"pdp-specs-title\">Carga por energ\u00eda solar: 11-60 V 15 A, puerto \u00fanico 500 W; puerto doble 1000 W.<\/li>\n<li class=\"pdp-specs-title\">Carga en veh\u00edculo: compatible con bater\u00edas de 12\/24 V, 8 A.<\/li>\n<li class=\"pdp-specs-title\">Qu\u00edmica de la bater\u00eda: LFP (bater\u00eda LiFePO4).<\/li>\n<li class=\"pdp-specs-title\">Ciclos de vida \u00fatil: 3000 ciclos a &gt;80 % de capacidad.<\/li>\n<li class=\"pdp-specs-title\">Conectividad: Wi-Fi &amp; Bluetooth.<\/li>\n<li class=\"pdp-specs-title\">Dimensiones: 497 \u00d7 242 \u00d7 305 mm.<\/li>\n<li class=\"pdp-specs-title\">Peso neto (lb): 50 lb.<\/li>\n<li class=\"pdp-specs-title\">Peso neto (kg): 23 kg.<\/li>\n<\/ul>\n<\/div>\n<p>&nbsp;<\/p>\n<hr \/>\n<div class=\"social-icon social-big\"><a href=\"https:\/\/www.facebook.com\/welabplus\/\" target=\"_blank\" title=\"\"><i class=\"fa fa-facebook\"><\/i><\/a><\/div>\n<div class=\"social-icon social-big\"><a href=\"https:\/\/twitter.com\/welabplus\" target=\"_blank\" title=\"\"><i class=\"fa fa-twitter\"><\/i><\/a><\/div>\n<div class=\"social-icon social-big\"><a href=\"https:\/\/www.instagram.com\/welabplus\/?hl=es\" target=\"_blank\" title=\"\"><i class=\"fa fa-instagram\"><\/i><\/a><\/div>\n<div class=\"social-icon social-big\"><a href=\"https:\/\/www.linkedin.com\/company\/welabplus\" target=\"_blank\" title=\"\"><i class=\"fa fa-linkedin\"><\/i><\/a><\/div>\n","protected":false},"excerpt":{"rendered":"<p>POWERBANK ECOFLOW DELTA MAX 2048 WH con una bater\u00eda LFP de larga duraci\u00f3n (10 a\u00f1os), duradero, seguro, ligero y con [&hellip;]<\/p>\n","protected":false},"featured_media":28573,"comment_status":"closed","ping_status":"closed","template":"","meta":{"_acf_changed":false,"inline_featured_image":false},"product_brand":[],"product_cat":[7747],"product_tag":[7745,9136,9614,9616,9617,9618,7743],"class_list":{"0":"post-28571","1":"product","2":"type-product","3":"status-publish","4":"has-post-thumbnail","6":"product_cat-acumuladores","7":"product_tag-alquiler-acumuladores-madrid","8":"product_tag-ecoflow","9":"product_tag-powerbank","10":"product_tag-alquiler-powerbank-ecoflow-delta-max-2048-wh","11":"product_tag-powerbank-ecoflow-delta-max","12":"product_tag-powerbank-ecoflow-delta-max-2048-wh","13":"product_tag-alquiler-acumuladores","15":"first","16":"instock","17":"shipping-taxable","18":"purchasable","19":"product-type-simple"},"acf":[],"yoast_head":"<!-- This site is optimized with the Yoast SEO plugin v26.2 - https:\/\/yoast.com\/wordpress\/plugins\/seo\/ -->\n<title>POWERBANK ECOFLOW DELTA MAX 2048 WH - Wevision<\/title>\n<meta name=\"description\" content=\"Alquiler del POWERBANK ECOFLOW DELTA MAX 2048 WH en Wevision en Madrid y en las Islas Canarias para cine, publicidad, series, documentales, videoclips,...\" \/>\n<meta name=\"robots\" content=\"index, follow, max-snippet:-1, max-image-preview:large, max-video-preview:-1\" \/>\n<link rel=\"canonical\" href=\"https:\/\/welabplus.com\/wevision\/catalogo\/acumuladores\/powerbank-ecoflow-delta-max-2048-wh\/\" \/>\n<meta property=\"og:locale\" content=\"es_ES\" \/>\n<meta property=\"og:type\" content=\"article\" \/>\n<meta property=\"og:title\" content=\"POWERBANK ECOFLOW DELTA MAX 2048 WH - Wevision\" \/>\n<meta property=\"og:description\" content=\"Alquiler del POWERBANK ECOFLOW DELTA MAX 2048 WH en Wevision en Madrid y en las Islas Canarias para cine, publicidad, series, documentales, videoclips,...\" \/>\n<meta property=\"og:url\" content=\"https:\/\/welabplus.com\/wevision\/catalogo\/acumuladores\/powerbank-ecoflow-delta-max-2048-wh\/\" \/>\n<meta property=\"og:site_name\" content=\"Wevision\" \/>\n<meta property=\"article:publisher\" content=\"https:\/\/www.facebook.com\/welab.es\/\" \/>\n<meta property=\"og:image\" content=\"https:\/\/welabplus.com\/wevision\/wp-content\/uploads\/2026\/03\/ALQUILER-POWERBANK-ECOFLOW-DELTA-MAX-2048-WH-WEVISION.jpg\" \/>\n\t<meta property=\"og:image:width\" content=\"933\" \/>\n\t<meta property=\"og:image:height\" content=\"557\" \/>\n\t<meta property=\"og:image:type\" content=\"image\/jpeg\" \/>\n<meta name=\"twitter:card\" content=\"summary_large_image\" \/>\n<meta name=\"twitter:site\" content=\"@welabspain\" \/>\n<meta name=\"twitter:label1\" content=\"Tiempo de lectura\" \/>\n\t<meta name=\"twitter:data1\" content=\"3 minutos\" \/>\n<script type=\"application\/ld+json\" class=\"yoast-schema-graph\">{\"@context\":\"https:\/\/schema.org\",\"@graph\":[{\"@type\":\"WebPage\",\"@id\":\"https:\/\/welabplus.com\/wevision\/catalogo\/acumuladores\/powerbank-ecoflow-delta-max-2048-wh\/\",\"url\":\"https:\/\/welabplus.com\/wevision\/catalogo\/acumuladores\/powerbank-ecoflow-delta-max-2048-wh\/\",\"name\":\"POWERBANK ECOFLOW DELTA MAX 2048 WH - Wevision\",\"isPartOf\":{\"@id\":\"https:\/\/welabplus.com\/wevision\/#website\"},\"primaryImageOfPage\":{\"@id\":\"https:\/\/welabplus.com\/wevision\/catalogo\/acumuladores\/powerbank-ecoflow-delta-max-2048-wh\/#primaryimage\"},\"image\":{\"@id\":\"https:\/\/welabplus.com\/wevision\/catalogo\/acumuladores\/powerbank-ecoflow-delta-max-2048-wh\/#primaryimage\"},\"thumbnailUrl\":\"https:\/\/welabplus.com\/wevision\/wp-content\/uploads\/2026\/03\/ALQUILER-POWERBANK-ECOFLOW-DELTA-MAX-2048-WH-WEVISION.jpg\",\"datePublished\":\"2026-03-18T14:42:26+00:00\",\"description\":\"Alquiler del POWERBANK ECOFLOW DELTA MAX 2048 WH en Wevision en Madrid y en las Islas Canarias para cine, publicidad, series, documentales, videoclips,...\",\"breadcrumb\":{\"@id\":\"https:\/\/welabplus.com\/wevision\/catalogo\/acumuladores\/powerbank-ecoflow-delta-max-2048-wh\/#breadcrumb\"},\"inLanguage\":\"es\",\"potentialAction\":[{\"@type\":\"ReadAction\",\"target\":[\"https:\/\/welabplus.com\/wevision\/catalogo\/acumuladores\/powerbank-ecoflow-delta-max-2048-wh\/\"]}]},{\"@type\":\"ImageObject\",\"inLanguage\":\"es\",\"@id\":\"https:\/\/welabplus.com\/wevision\/catalogo\/acumuladores\/powerbank-ecoflow-delta-max-2048-wh\/#primaryimage\",\"url\":\"https:\/\/welabplus.com\/wevision\/wp-content\/uploads\/2026\/03\/ALQUILER-POWERBANK-ECOFLOW-DELTA-MAX-2048-WH-WEVISION.jpg\",\"contentUrl\":\"https:\/\/welabplus.com\/wevision\/wp-content\/uploads\/2026\/03\/ALQUILER-POWERBANK-ECOFLOW-DELTA-MAX-2048-WH-WEVISION.jpg\",\"width\":933,\"height\":557,\"caption\":\"ALQUILER POWERBANK ECOFLOW DELTA MAX 2048 WH WEVISION\"},{\"@type\":\"BreadcrumbList\",\"@id\":\"https:\/\/welabplus.com\/wevision\/catalogo\/acumuladores\/powerbank-ecoflow-delta-max-2048-wh\/#breadcrumb\",\"itemListElement\":[{\"@type\":\"ListItem\",\"position\":1,\"name\":\"Portada\",\"item\":\"https:\/\/welabplus.com\/wevision\/\"},{\"@type\":\"ListItem\",\"position\":2,\"name\":\"Cat\u00e1logo\",\"item\":\"https:\/\/welabplus.com\/wevision\/catalogo\/\"},{\"@type\":\"ListItem\",\"position\":3,\"name\":\"POWERBANK ECOFLOW DELTA MAX 2048 WH\"}]},{\"@type\":\"WebSite\",\"@id\":\"https:\/\/welabplus.com\/wevision\/#website\",\"url\":\"https:\/\/welabplus.com\/wevision\/\",\"name\":\"Welabplus\",\"description\":\"C\u00e1maras y lentes para cine\",\"publisher\":{\"@id\":\"https:\/\/welabplus.com\/wevision\/#organization\"},\"potentialAction\":[{\"@type\":\"SearchAction\",\"target\":{\"@type\":\"EntryPoint\",\"urlTemplate\":\"https:\/\/welabplus.com\/wevision\/?s={search_term_string}\"},\"query-input\":{\"@type\":\"PropertyValueSpecification\",\"valueRequired\":true,\"valueName\":\"search_term_string\"}}],\"inLanguage\":\"es\"},{\"@type\":\"Organization\",\"@id\":\"https:\/\/welabplus.com\/wevision\/#organization\",\"name\":\"Welab Canary Islands\",\"url\":\"https:\/\/welabplus.com\/wevision\/\",\"logo\":{\"@type\":\"ImageObject\",\"inLanguage\":\"es\",\"@id\":\"https:\/\/welabplus.com\/wevision\/#\/schema\/logo\/image\/\",\"url\":\"\",\"contentUrl\":\"\",\"caption\":\"Welab Canary Islands\"},\"image\":{\"@id\":\"https:\/\/welabplus.com\/wevision\/#\/schema\/logo\/image\/\"},\"sameAs\":[\"https:\/\/www.facebook.com\/welab.es\/\",\"https:\/\/x.com\/welabspain\"]}]}<\/script>\n<!-- \/ Yoast SEO plugin. -->","yoast_head_json":{"title":"POWERBANK ECOFLOW DELTA MAX 2048 WH - Wevision","description":"Alquiler del POWERBANK ECOFLOW DELTA MAX 2048 WH en Wevision en Madrid y en las Islas Canarias para cine, publicidad, series, documentales, videoclips,...","robots":{"index":"index","follow":"follow","max-snippet":"max-snippet:-1","max-image-preview":"max-image-preview:large","max-video-preview":"max-video-preview:-1"},"canonical":"https:\/\/welabplus.com\/wevision\/catalogo\/acumuladores\/powerbank-ecoflow-delta-max-2048-wh\/","og_locale":"es_ES","og_type":"article","og_title":"POWERBANK ECOFLOW DELTA MAX 2048 WH - Wevision","og_description":"Alquiler del POWERBANK ECOFLOW DELTA MAX 2048 WH en Wevision en Madrid y en las Islas Canarias para cine, publicidad, series, documentales, videoclips,...","og_url":"https:\/\/welabplus.com\/wevision\/catalogo\/acumuladores\/powerbank-ecoflow-delta-max-2048-wh\/","og_site_name":"Wevision","article_publisher":"https:\/\/www.facebook.com\/welab.es\/","og_image":[{"width":933,"height":557,"url":"https:\/\/welabplus.com\/wevision\/wp-content\/uploads\/2026\/03\/ALQUILER-POWERBANK-ECOFLOW-DELTA-MAX-2048-WH-WEVISION.jpg","type":"image\/jpeg"}],"twitter_card":"summary_large_image","twitter_site":"@welabspain","twitter_misc":{"Tiempo de lectura":"3 minutos"},"schema":{"@context":"https:\/\/schema.org","@graph":[{"@type":"WebPage","@id":"https:\/\/welabplus.com\/wevision\/catalogo\/acumuladores\/powerbank-ecoflow-delta-max-2048-wh\/","url":"https:\/\/welabplus.com\/wevision\/catalogo\/acumuladores\/powerbank-ecoflow-delta-max-2048-wh\/","name":"POWERBANK ECOFLOW DELTA MAX 2048 WH - Wevision","isPartOf":{"@id":"https:\/\/welabplus.com\/wevision\/#website"},"primaryImageOfPage":{"@id":"https:\/\/welabplus.com\/wevision\/catalogo\/acumuladores\/powerbank-ecoflow-delta-max-2048-wh\/#primaryimage"},"image":{"@id":"https:\/\/welabplus.com\/wevision\/catalogo\/acumuladores\/powerbank-ecoflow-delta-max-2048-wh\/#primaryimage"},"thumbnailUrl":"https:\/\/welabplus.com\/wevision\/wp-content\/uploads\/2026\/03\/ALQUILER-POWERBANK-ECOFLOW-DELTA-MAX-2048-WH-WEVISION.jpg","datePublished":"2026-03-18T14:42:26+00:00","description":"Alquiler del POWERBANK ECOFLOW DELTA MAX 2048 WH en Wevision en Madrid y en las Islas Canarias para cine, publicidad, series, documentales, videoclips,...","breadcrumb":{"@id":"https:\/\/welabplus.com\/wevision\/catalogo\/acumuladores\/powerbank-ecoflow-delta-max-2048-wh\/#breadcrumb"},"inLanguage":"es","potentialAction":[{"@type":"ReadAction","target":["https:\/\/welabplus.com\/wevision\/catalogo\/acumuladores\/powerbank-ecoflow-delta-max-2048-wh\/"]}]},{"@type":"ImageObject","inLanguage":"es","@id":"https:\/\/welabplus.com\/wevision\/catalogo\/acumuladores\/powerbank-ecoflow-delta-max-2048-wh\/#primaryimage","url":"https:\/\/welabplus.com\/wevision\/wp-content\/uploads\/2026\/03\/ALQUILER-POWERBANK-ECOFLOW-DELTA-MAX-2048-WH-WEVISION.jpg","contentUrl":"https:\/\/welabplus.com\/wevision\/wp-content\/uploads\/2026\/03\/ALQUILER-POWERBANK-ECOFLOW-DELTA-MAX-2048-WH-WEVISION.jpg","width":933,"height":557,"caption":"ALQUILER POWERBANK ECOFLOW DELTA MAX 2048 WH WEVISION"},{"@type":"BreadcrumbList","@id":"https:\/\/welabplus.com\/wevision\/catalogo\/acumuladores\/powerbank-ecoflow-delta-max-2048-wh\/#breadcrumb","itemListElement":[{"@type":"ListItem","position":1,"name":"Portada","item":"https:\/\/welabplus.com\/wevision\/"},{"@type":"ListItem","position":2,"name":"Cat\u00e1logo","item":"https:\/\/welabplus.com\/wevision\/catalogo\/"},{"@type":"ListItem","position":3,"name":"POWERBANK ECOFLOW DELTA MAX 2048 WH"}]},{"@type":"WebSite","@id":"https:\/\/welabplus.com\/wevision\/#website","url":"https:\/\/welabplus.com\/wevision\/","name":"Welabplus","description":"C\u00e1maras y lentes para cine","publisher":{"@id":"https:\/\/welabplus.com\/wevision\/#organization"},"potentialAction":[{"@type":"SearchAction","target":{"@type":"EntryPoint","urlTemplate":"https:\/\/welabplus.com\/wevision\/?s={search_term_string}"},"query-input":{"@type":"PropertyValueSpecification","valueRequired":true,"valueName":"search_term_string"}}],"inLanguage":"es"},{"@type":"Organization","@id":"https:\/\/welabplus.com\/wevision\/#organization","name":"Welab Canary Islands","url":"https:\/\/welabplus.com\/wevision\/","logo":{"@type":"ImageObject","inLanguage":"es","@id":"https:\/\/welabplus.com\/wevision\/#\/schema\/logo\/image\/","url":"","contentUrl":"","caption":"Welab Canary Islands"},"image":{"@id":"https:\/\/welabplus.com\/wevision\/#\/schema\/logo\/image\/"},"sameAs":["https:\/\/www.facebook.com\/welab.es\/","https:\/\/x.com\/welabspain"]}]}},"_links":{"self":[{"href":"https:\/\/welabplus.com\/wevision\/wp-json\/wp\/v2\/product\/28571","targetHints":{"allow":["GET"]}}],"collection":[{"href":"https:\/\/welabplus.com\/wevision\/wp-json\/wp\/v2\/product"}],"about":[{"href":"https:\/\/welabplus.com\/wevision\/wp-json\/wp\/v2\/types\/product"}],"replies":[{"embeddable":true,"href":"https:\/\/welabplus.com\/wevision\/wp-json\/wp\/v2\/comments?post=28571"}],"wp:featuredmedia":[{"embeddable":true,"href":"https:\/\/welabplus.com\/wevision\/wp-json\/wp\/v2\/media\/28573"}],"wp:attachment":[{"href":"https:\/\/welabplus.com\/wevision\/wp-json\/wp\/v2\/media?parent=28571"}],"wp:term":[{"taxonomy":"product_brand","embeddable":true,"href":"https:\/\/welabplus.com\/wevision\/wp-json\/wp\/v2\/product_brand?post=28571"},{"taxonomy":"product_cat","embeddable":true,"href":"https:\/\/welabplus.com\/wevision\/wp-json\/wp\/v2\/product_cat?post=28571"},{"taxonomy":"product_tag","embeddable":true,"href":"https:\/\/welabplus.com\/wevision\/wp-json\/wp\/v2\/product_tag?post=28571"}],"curies":[{"name":"wp","href":"https:\/\/api.w.org\/{rel}","templated":true}]}}