{"id":28220,"date":"2025-11-25T16:10:06","date_gmt":"2025-11-25T15:10:06","guid":{"rendered":"https:\/\/welabplus.com\/wevision\/?post_type=product&#038;p=28220"},"modified":"2025-11-26T16:46:44","modified_gmt":"2025-11-26T15:46:44","slug":"arri-studio-fresnel-5k","status":"publish","type":"product","link":"https:\/\/welabplus.com\/wevision\/catalogo\/tungsteno\/fresnel-tungsteno\/arri-studio-fresnel-5k\/","title":{"rendered":"ARRI STUDIO FRESNEL 5K"},"content":{"rendered":"<p>El\u00a0<strong>Fresnel 5K ARRI (True Blue T5)<\/strong>\u00a0es el cl\u00e1sico\u00a0<strong>tungsteno de 5.000 W<\/strong>\u00a0de ARRI, perfecto como\u00a0<strong>key c\u00e1lido potente<\/strong>, contra de figura o gran rebote en estudio y localizaci\u00f3n. Forma parte de la serie\u00a0<strong>True Blue<\/strong>, con mejoras en refrigeraci\u00f3n, rendimiento y ergonom\u00eda frente a las generaciones anteriores de Studio\/Location.<\/p>\n<p>Su lente Fresnel de\u00a0<strong>250 mm<\/strong>\u00a0y el reflector esf\u00e9rico de aluminio de alta pureza ofrecen un haz muy homog\u00e9neo y controlable, con un rango de enfoque amplio de\u00a0<strong>10\u00b0 a 54\u00b0 (spot\u2013flood)<\/strong>. Esto permite concentrar el haz para simular un \u201cfalso sol\u201d o abrirlo para ba\u00f1ar fondos y grandes superficies con una luz tungsteno de\u00a0<strong>3.200 K<\/strong> muy agradable en piel.<\/p>\n<p>El T5 est\u00e1 pensado para trabajo profesional intensivo: construcci\u00f3n en aluminio, grado de protecci\u00f3n\u00a0<strong>IP23<\/strong>\u00a0(apto para interior y exterior con lluvia ligera), montura\u00a0<strong>Junior 28 mm<\/strong> y compatibilidad con toda la familia de accesorios ARRI (viseras, scrims, chimeras, etc.). Es un \u201ccaballo de batalla\u201d ideal para complementar tu set de Fresnels grandes junto al T12.<\/p>\n<h3>Caracter\u00edsticas principales<\/h3>\n<ul>\n<li><strong>Tipo de foco<\/strong>\n<ul>\n<li><strong>Fresnel de tungsteno 5.000 W<\/strong>\u00a0(ARRI True Blue T5).<\/li>\n<\/ul>\n<\/li>\n<li><strong>Potencia y l\u00e1mparas compatibles<\/strong>\n<ul>\n<li>Potencia:\u00a0<strong>5.000 W<\/strong>.<\/li>\n<li>L\u00e1mpara tungsteno 5 kW, casquillo\u00a0<strong>G38<\/strong> (CP85 \/ DPY seg\u00fan tensi\u00f3n).<\/li>\n<\/ul>\n<\/li>\n<li><strong>Temperatura de color<\/strong>\n<ul>\n<li><strong>3.200 K<\/strong> (tungsteno).<\/li>\n<\/ul>\n<\/li>\n<li><strong>\u00d3ptica y haz<\/strong>\n<ul>\n<li>Lente Fresnel de\u00a0<strong>250 mm<\/strong>\u00a0de di\u00e1metro (\u2248\u00a0<strong>10&#8243;<\/strong>).<\/li>\n<li>Reflector esf\u00e9rico de aluminio especular de alta pureza.<\/li>\n<li>\u00c1ngulo de haz aprox.\u00a0<strong>10\u00b0 \u2013 54\u00b0<\/strong> (spot\u2013flood).<\/li>\n<\/ul>\n<\/li>\n<li><strong>Dimmer \/ control<\/strong>\n<ul>\n<li>Regulaci\u00f3n\u00a0<strong>0\u2013100 %<\/strong> mediante dimmer externo de 5 kW (no integrado).<\/li>\n<\/ul>\n<\/li>\n<li><strong>Dimensiones y peso (cabezal)<\/strong>\n<ul>\n<li>Medidas aprox. (Al \u00d7 An \u00d7 L, sin espiga):\u00a0<strong>522 \u00d7 465 \u00d7 390 mm<\/strong>.<\/li>\n<li>Peso aprox. cabezal:\u00a0<strong>~12 kg<\/strong> (\u2248 26 lb).<\/li>\n<\/ul>\n<\/li>\n<li><strong>Montura y protecci\u00f3n<\/strong>\n<ul>\n<li>Espiga\u00a0<strong>Junior 28 mm (1 1\/8&#8243;)<\/strong>.<\/li>\n<li><strong>IP23<\/strong> \u2013 apto para interior y exterior con lluvia ligera.<\/li>\n<\/ul>\n<\/li>\n<li><strong>Aplicaciones t\u00edpicas<\/strong>\n<ul>\n<li>Key tungsteno potente en plat\u00f3 y decorados.<\/li>\n<li>\u201cFalso sol\u201d c\u00e1lido entrando por ventanas.<\/li>\n<li>Iluminaci\u00f3n de fondos grandes o rebotado en telas\/techos.<\/li>\n<\/ul>\n<\/li>\n<\/ul>\n<p>&nbsp;<\/p>\n<p><strong><img loading=\"lazy\" decoding=\"async\" class=\"size-full wp-image-28252 aligncenter\" src=\"https:\/\/welabplus.com\/wevision\/wp-content\/uploads\/2025\/11\/ALQUILER-ARRI-STUDIO-FRESNEL-5K-WEVISION_01.jpg\" alt=\"\" width=\"500\" height=\"345\" srcset=\"https:\/\/welabplus.com\/wevision\/wp-content\/uploads\/2025\/11\/ALQUILER-ARRI-STUDIO-FRESNEL-5K-WEVISION_01.jpg 500w, https:\/\/welabplus.com\/wevision\/wp-content\/uploads\/2025\/11\/ALQUILER-ARRI-STUDIO-FRESNEL-5K-WEVISION_01-300x207.jpg 300w\" sizes=\"auto, (max-width: 500px) 100vw, 500px\" \/><\/strong><\/p>\n<p>&nbsp;<\/p>\n<p><strong><img loading=\"lazy\" decoding=\"async\" class=\"size-full wp-image-28253 aligncenter\" src=\"https:\/\/welabplus.com\/wevision\/wp-content\/uploads\/2025\/11\/ALQUILER-ARRI-STUDIO-FRESNEL-5K-WEVISION_02.jpg\" alt=\"\" width=\"500\" height=\"345\" srcset=\"https:\/\/welabplus.com\/wevision\/wp-content\/uploads\/2025\/11\/ALQUILER-ARRI-STUDIO-FRESNEL-5K-WEVISION_02.jpg 500w, https:\/\/welabplus.com\/wevision\/wp-content\/uploads\/2025\/11\/ALQUILER-ARRI-STUDIO-FRESNEL-5K-WEVISION_02-300x207.jpg 300w\" sizes=\"auto, (max-width: 500px) 100vw, 500px\" \/><\/strong><\/p>\n<p>&nbsp;<\/p>\n<p>&nbsp;<\/p>\n<p>&nbsp;<\/p>\n<p>&nbsp;<\/p>\n<p><strong>M\u00e1s informaci\u00f3n<\/strong> en la\u00a0<a href=\"https:\/\/www.arri.com\/en\/lighting\/daylight-tungsten\/tungsten\/true-blue-t\/t5?utm_source=chatgpt.com\">web del anunciante.<\/a><\/p>\n<div>\n<div class=\"\">\n<p>&nbsp;<\/p>\n<\/div>\n<\/div>\n<hr \/>\n<div class=\"social-icon social-big\"><a href=\"https:\/\/www.facebook.com\/welabplus\/\" target=\"_blank\" title=\"\"><i class=\"fa fa-facebook\"><\/i><\/a><\/div>\n<div class=\"social-icon social-big\"><a href=\"https:\/\/twitter.com\/welabplus\" target=\"_blank\" title=\"\"><i class=\"fa fa-twitter\"><\/i><\/a><\/div>\n<div class=\"social-icon social-big\"><a href=\"https:\/\/www.instagram.com\/welabplus\/?hl=es\" target=\"_blank\" title=\"\"><i class=\"fa fa-instagram\"><\/i><\/a><\/div>\n<div class=\"social-icon social-big\"><a href=\"https:\/\/www.linkedin.com\/company\/welabplus\" target=\"_blank\" title=\"\"><i class=\"fa fa-linkedin\"><\/i><\/a><\/div>\n","protected":false},"excerpt":{"rendered":"<p>El\u00a0Fresnel 5K ARRI (True Blue T5)\u00a0es el cl\u00e1sico\u00a0tungsteno de 5.000 W\u00a0de ARRI, perfecto como\u00a0key c\u00e1lido potente, contra de figura o [&hellip;]<\/p>\n","protected":false},"featured_media":28227,"comment_status":"closed","ping_status":"closed","template":"","meta":{"_acf_changed":false,"inline_featured_image":false},"product_brand":[],"product_cat":[9297,5996],"product_tag":[9387,9388,6271,9383,9384,9385,9386],"class_list":{"0":"post-28220","1":"product","2":"type-product","3":"status-publish","4":"has-post-thumbnail","6":"product_cat-fresnel-tungsteno","7":"product_cat-tungsteno","8":"product_tag-fresnel-de-tungsteno-5-000-w","9":"product_tag-casquillo-g38","10":"product_tag-alquiler-iluminacion-madrid","11":"product_tag-alquiler-fresnel","12":"product_tag-alquiler-fresnel-5k-arri","13":"product_tag-alquiler-true-blue-t5","14":"product_tag-alquiler-spot-flood","16":"first","17":"instock","18":"shipping-taxable","19":"purchasable","20":"product-type-simple"},"acf":[],"yoast_head":"<!-- This site is optimized with the Yoast SEO plugin v26.2 - https:\/\/yoast.com\/wordpress\/plugins\/seo\/ -->\n<title>ARRI STUDIO FRESNEL 5K - Wevision<\/title>\n<meta name=\"robots\" content=\"index, follow, max-snippet:-1, max-image-preview:large, max-video-preview:-1\" \/>\n<link rel=\"canonical\" href=\"https:\/\/welabplus.com\/wevision\/catalogo\/tungsteno\/fresnel-tungsteno\/arri-studio-fresnel-5k\/\" \/>\n<meta property=\"og:locale\" content=\"es_ES\" \/>\n<meta property=\"og:type\" content=\"article\" \/>\n<meta property=\"og:title\" content=\"ARRI STUDIO FRESNEL 5K - Wevision\" \/>\n<meta property=\"og:description\" content=\"El\u00a0Fresnel 5K ARRI (True Blue T5)\u00a0es el cl\u00e1sico\u00a0tungsteno de 5.000 W\u00a0de ARRI, perfecto como\u00a0key c\u00e1lido potente, contra de figura o [&hellip;]\" \/>\n<meta property=\"og:url\" content=\"https:\/\/welabplus.com\/wevision\/catalogo\/tungsteno\/fresnel-tungsteno\/arri-studio-fresnel-5k\/\" \/>\n<meta property=\"og:site_name\" content=\"Wevision\" \/>\n<meta property=\"article:publisher\" content=\"https:\/\/www.facebook.com\/welab.es\/\" \/>\n<meta property=\"article:modified_time\" content=\"2025-11-26T15:46:44+00:00\" \/>\n<meta property=\"og:image\" content=\"https:\/\/welabplus.com\/wevision\/wp-content\/uploads\/2025\/11\/ALQUILER-ARRI-STUDIO-FRESNEL-5K-WEVISION.jpg\" \/>\n\t<meta property=\"og:image:width\" content=\"933\" \/>\n\t<meta property=\"og:image:height\" content=\"557\" \/>\n\t<meta property=\"og:image:type\" content=\"image\/jpeg\" \/>\n<meta name=\"twitter:card\" content=\"summary_large_image\" \/>\n<meta name=\"twitter:site\" content=\"@welabspain\" \/>\n<meta name=\"twitter:label1\" content=\"Tiempo de lectura\" \/>\n\t<meta name=\"twitter:data1\" content=\"3 minutos\" \/>\n<script type=\"application\/ld+json\" class=\"yoast-schema-graph\">{\"@context\":\"https:\/\/schema.org\",\"@graph\":[{\"@type\":\"WebPage\",\"@id\":\"https:\/\/welabplus.com\/wevision\/catalogo\/tungsteno\/fresnel-tungsteno\/arri-studio-fresnel-5k\/\",\"url\":\"https:\/\/welabplus.com\/wevision\/catalogo\/tungsteno\/fresnel-tungsteno\/arri-studio-fresnel-5k\/\",\"name\":\"ARRI STUDIO FRESNEL 5K - Wevision\",\"isPartOf\":{\"@id\":\"https:\/\/welabplus.com\/wevision\/#website\"},\"primaryImageOfPage\":{\"@id\":\"https:\/\/welabplus.com\/wevision\/catalogo\/tungsteno\/fresnel-tungsteno\/arri-studio-fresnel-5k\/#primaryimage\"},\"image\":{\"@id\":\"https:\/\/welabplus.com\/wevision\/catalogo\/tungsteno\/fresnel-tungsteno\/arri-studio-fresnel-5k\/#primaryimage\"},\"thumbnailUrl\":\"https:\/\/welabplus.com\/wevision\/wp-content\/uploads\/2025\/11\/ALQUILER-ARRI-STUDIO-FRESNEL-5K-WEVISION.jpg\",\"datePublished\":\"2025-11-25T15:10:06+00:00\",\"dateModified\":\"2025-11-26T15:46:44+00:00\",\"breadcrumb\":{\"@id\":\"https:\/\/welabplus.com\/wevision\/catalogo\/tungsteno\/fresnel-tungsteno\/arri-studio-fresnel-5k\/#breadcrumb\"},\"inLanguage\":\"es\",\"potentialAction\":[{\"@type\":\"ReadAction\",\"target\":[\"https:\/\/welabplus.com\/wevision\/catalogo\/tungsteno\/fresnel-tungsteno\/arri-studio-fresnel-5k\/\"]}]},{\"@type\":\"ImageObject\",\"inLanguage\":\"es\",\"@id\":\"https:\/\/welabplus.com\/wevision\/catalogo\/tungsteno\/fresnel-tungsteno\/arri-studio-fresnel-5k\/#primaryimage\",\"url\":\"https:\/\/welabplus.com\/wevision\/wp-content\/uploads\/2025\/11\/ALQUILER-ARRI-STUDIO-FRESNEL-5K-WEVISION.jpg\",\"contentUrl\":\"https:\/\/welabplus.com\/wevision\/wp-content\/uploads\/2025\/11\/ALQUILER-ARRI-STUDIO-FRESNEL-5K-WEVISION.jpg\",\"width\":933,\"height\":557,\"caption\":\"ALQUILER ARRI STUDIO FRESNEL 5K WEVISION\"},{\"@type\":\"BreadcrumbList\",\"@id\":\"https:\/\/welabplus.com\/wevision\/catalogo\/tungsteno\/fresnel-tungsteno\/arri-studio-fresnel-5k\/#breadcrumb\",\"itemListElement\":[{\"@type\":\"ListItem\",\"position\":1,\"name\":\"Portada\",\"item\":\"https:\/\/welabplus.com\/wevision\/\"},{\"@type\":\"ListItem\",\"position\":2,\"name\":\"Cat\u00e1logo\",\"item\":\"https:\/\/welabplus.com\/wevision\/catalogo\/\"},{\"@type\":\"ListItem\",\"position\":3,\"name\":\"ARRI STUDIO FRESNEL 5K\"}]},{\"@type\":\"WebSite\",\"@id\":\"https:\/\/welabplus.com\/wevision\/#website\",\"url\":\"https:\/\/welabplus.com\/wevision\/\",\"name\":\"Welabplus\",\"description\":\"C\u00e1maras y lentes para cine\",\"publisher\":{\"@id\":\"https:\/\/welabplus.com\/wevision\/#organization\"},\"potentialAction\":[{\"@type\":\"SearchAction\",\"target\":{\"@type\":\"EntryPoint\",\"urlTemplate\":\"https:\/\/welabplus.com\/wevision\/?s={search_term_string}\"},\"query-input\":{\"@type\":\"PropertyValueSpecification\",\"valueRequired\":true,\"valueName\":\"search_term_string\"}}],\"inLanguage\":\"es\"},{\"@type\":\"Organization\",\"@id\":\"https:\/\/welabplus.com\/wevision\/#organization\",\"name\":\"Welab Canary Islands\",\"url\":\"https:\/\/welabplus.com\/wevision\/\",\"logo\":{\"@type\":\"ImageObject\",\"inLanguage\":\"es\",\"@id\":\"https:\/\/welabplus.com\/wevision\/#\/schema\/logo\/image\/\",\"url\":\"\",\"contentUrl\":\"\",\"caption\":\"Welab Canary Islands\"},\"image\":{\"@id\":\"https:\/\/welabplus.com\/wevision\/#\/schema\/logo\/image\/\"},\"sameAs\":[\"https:\/\/www.facebook.com\/welab.es\/\",\"https:\/\/x.com\/welabspain\"]}]}<\/script>\n<!-- \/ Yoast SEO plugin. -->","yoast_head_json":{"title":"ARRI STUDIO FRESNEL 5K - Wevision","robots":{"index":"index","follow":"follow","max-snippet":"max-snippet:-1","max-image-preview":"max-image-preview:large","max-video-preview":"max-video-preview:-1"},"canonical":"https:\/\/welabplus.com\/wevision\/catalogo\/tungsteno\/fresnel-tungsteno\/arri-studio-fresnel-5k\/","og_locale":"es_ES","og_type":"article","og_title":"ARRI STUDIO FRESNEL 5K - Wevision","og_description":"El\u00a0Fresnel 5K ARRI (True Blue T5)\u00a0es el cl\u00e1sico\u00a0tungsteno de 5.000 W\u00a0de ARRI, perfecto como\u00a0key c\u00e1lido potente, contra de figura o [&hellip;]","og_url":"https:\/\/welabplus.com\/wevision\/catalogo\/tungsteno\/fresnel-tungsteno\/arri-studio-fresnel-5k\/","og_site_name":"Wevision","article_publisher":"https:\/\/www.facebook.com\/welab.es\/","article_modified_time":"2025-11-26T15:46:44+00:00","og_image":[{"width":933,"height":557,"url":"https:\/\/welabplus.com\/wevision\/wp-content\/uploads\/2025\/11\/ALQUILER-ARRI-STUDIO-FRESNEL-5K-WEVISION.jpg","type":"image\/jpeg"}],"twitter_card":"summary_large_image","twitter_site":"@welabspain","twitter_misc":{"Tiempo de lectura":"3 minutos"},"schema":{"@context":"https:\/\/schema.org","@graph":[{"@type":"WebPage","@id":"https:\/\/welabplus.com\/wevision\/catalogo\/tungsteno\/fresnel-tungsteno\/arri-studio-fresnel-5k\/","url":"https:\/\/welabplus.com\/wevision\/catalogo\/tungsteno\/fresnel-tungsteno\/arri-studio-fresnel-5k\/","name":"ARRI STUDIO FRESNEL 5K - Wevision","isPartOf":{"@id":"https:\/\/welabplus.com\/wevision\/#website"},"primaryImageOfPage":{"@id":"https:\/\/welabplus.com\/wevision\/catalogo\/tungsteno\/fresnel-tungsteno\/arri-studio-fresnel-5k\/#primaryimage"},"image":{"@id":"https:\/\/welabplus.com\/wevision\/catalogo\/tungsteno\/fresnel-tungsteno\/arri-studio-fresnel-5k\/#primaryimage"},"thumbnailUrl":"https:\/\/welabplus.com\/wevision\/wp-content\/uploads\/2025\/11\/ALQUILER-ARRI-STUDIO-FRESNEL-5K-WEVISION.jpg","datePublished":"2025-11-25T15:10:06+00:00","dateModified":"2025-11-26T15:46:44+00:00","breadcrumb":{"@id":"https:\/\/welabplus.com\/wevision\/catalogo\/tungsteno\/fresnel-tungsteno\/arri-studio-fresnel-5k\/#breadcrumb"},"inLanguage":"es","potentialAction":[{"@type":"ReadAction","target":["https:\/\/welabplus.com\/wevision\/catalogo\/tungsteno\/fresnel-tungsteno\/arri-studio-fresnel-5k\/"]}]},{"@type":"ImageObject","inLanguage":"es","@id":"https:\/\/welabplus.com\/wevision\/catalogo\/tungsteno\/fresnel-tungsteno\/arri-studio-fresnel-5k\/#primaryimage","url":"https:\/\/welabplus.com\/wevision\/wp-content\/uploads\/2025\/11\/ALQUILER-ARRI-STUDIO-FRESNEL-5K-WEVISION.jpg","contentUrl":"https:\/\/welabplus.com\/wevision\/wp-content\/uploads\/2025\/11\/ALQUILER-ARRI-STUDIO-FRESNEL-5K-WEVISION.jpg","width":933,"height":557,"caption":"ALQUILER ARRI STUDIO FRESNEL 5K WEVISION"},{"@type":"BreadcrumbList","@id":"https:\/\/welabplus.com\/wevision\/catalogo\/tungsteno\/fresnel-tungsteno\/arri-studio-fresnel-5k\/#breadcrumb","itemListElement":[{"@type":"ListItem","position":1,"name":"Portada","item":"https:\/\/welabplus.com\/wevision\/"},{"@type":"ListItem","position":2,"name":"Cat\u00e1logo","item":"https:\/\/welabplus.com\/wevision\/catalogo\/"},{"@type":"ListItem","position":3,"name":"ARRI STUDIO FRESNEL 5K"}]},{"@type":"WebSite","@id":"https:\/\/welabplus.com\/wevision\/#website","url":"https:\/\/welabplus.com\/wevision\/","name":"Welabplus","description":"C\u00e1maras y lentes para cine","publisher":{"@id":"https:\/\/welabplus.com\/wevision\/#organization"},"potentialAction":[{"@type":"SearchAction","target":{"@type":"EntryPoint","urlTemplate":"https:\/\/welabplus.com\/wevision\/?s={search_term_string}"},"query-input":{"@type":"PropertyValueSpecification","valueRequired":true,"valueName":"search_term_string"}}],"inLanguage":"es"},{"@type":"Organization","@id":"https:\/\/welabplus.com\/wevision\/#organization","name":"Welab Canary Islands","url":"https:\/\/welabplus.com\/wevision\/","logo":{"@type":"ImageObject","inLanguage":"es","@id":"https:\/\/welabplus.com\/wevision\/#\/schema\/logo\/image\/","url":"","contentUrl":"","caption":"Welab Canary Islands"},"image":{"@id":"https:\/\/welabplus.com\/wevision\/#\/schema\/logo\/image\/"},"sameAs":["https:\/\/www.facebook.com\/welab.es\/","https:\/\/x.com\/welabspain"]}]}},"_links":{"self":[{"href":"https:\/\/welabplus.com\/wevision\/wp-json\/wp\/v2\/product\/28220","targetHints":{"allow":["GET"]}}],"collection":[{"href":"https:\/\/welabplus.com\/wevision\/wp-json\/wp\/v2\/product"}],"about":[{"href":"https:\/\/welabplus.com\/wevision\/wp-json\/wp\/v2\/types\/product"}],"replies":[{"embeddable":true,"href":"https:\/\/welabplus.com\/wevision\/wp-json\/wp\/v2\/comments?post=28220"}],"wp:featuredmedia":[{"embeddable":true,"href":"https:\/\/welabplus.com\/wevision\/wp-json\/wp\/v2\/media\/28227"}],"wp:attachment":[{"href":"https:\/\/welabplus.com\/wevision\/wp-json\/wp\/v2\/media?parent=28220"}],"wp:term":[{"taxonomy":"product_brand","embeddable":true,"href":"https:\/\/welabplus.com\/wevision\/wp-json\/wp\/v2\/product_brand?post=28220"},{"taxonomy":"product_cat","embeddable":true,"href":"https:\/\/welabplus.com\/wevision\/wp-json\/wp\/v2\/product_cat?post=28220"},{"taxonomy":"product_tag","embeddable":true,"href":"https:\/\/welabplus.com\/wevision\/wp-json\/wp\/v2\/product_tag?post=28220"}],"curies":[{"name":"wp","href":"https:\/\/api.w.org\/{rel}","templated":true}]}}