{"id":27654,"date":"2026-01-23T11:48:53","date_gmt":"2026-01-23T10:48:53","guid":{"rendered":"https:\/\/welabplus.com\/wevision\/?post_type=product&#038;p=27654"},"modified":"2026-01-23T15:50:03","modified_gmt":"2026-01-23T14:50:03","slug":"pess-wattman-6kw-10kwh","status":"publish","type":"product","link":"https:\/\/welabplus.com\/wevision\/catalogo\/acumuladores\/pess-wattman-6kw-10kwh\/","title":{"rendered":"PESS, WATTMAN (6kW 10kWh)"},"content":{"rendered":"<p>El l sistema <strong>PESS, WATTMAN (6kW 10kWh)<\/strong> es capaz de alimentar todos sus equipos el\u00e9ctricos de 230Vac en cualquier lugar y puede recargarse en cualquier toma de corriente dom\u00e9stica(16A) o a trav\u00e9s de paneles solares.<\/p>\n<p>Dise\u00f1ado y fabricado en Francia, <strong>Wattman<\/strong> es la herramienta perfecta para la industria del cine y la televisi\u00f3n. Sorpr\u00e9ndase con su incre\u00edble potencia, de <strong>10 kWh a 6 kW,<\/strong> para alimentar todos sus equipos en cualquier lugar, sin ruido ni emisiones de gases (1,11 kg de CO2\/kWh menos que un generador de gas). Esta soluci\u00f3n ligera, port\u00e1til y robusta es muy f\u00e1cil de manejar. Se han seleccionado los materiales m\u00e1s resistentes para garantizar una larga vida \u00fatil y facilitar las reparaciones. Con un sistema de carga r\u00e1pida y entrada solar, podr\u00e1 gestionar f\u00e1cilmente sus fuentes de alimentaci\u00f3n.<\/p>\n<p>&nbsp;<\/p>\n<h3>Caracter\u00edsticas T\u00e9cnicas:<\/h3>\n<div class=\"wpb_column column_container col-sm-3\">\n<div class=\"vc_column-inner \">\n<div class=\"wpb_wrapper\">\n<div class=\"wpb_text_column wpb_content_element \">\n<div class=\"wpb_wrapper\">\n<h3>Aut\u00f3nomos<\/h3>\n<p>Utilizan bater\u00edas dise\u00f1adas para veh\u00edculos el\u00e9ctricos de \u00faltima generaci\u00f3n, con alta densidad energ\u00e9tica, y capaces de alimentar durante horas equipos de alta potencia.<\/p>\n<\/div>\n<\/div>\n<\/div>\n<\/div>\n<\/div>\n<div class=\"wpb_column column_container col-sm-3\">\n<div class=\"vc_column-inner \">\n<div class=\"wpb_wrapper\">\n<div class=\"wpb_text_column wpb_content_element \">\n<div class=\"wpb_wrapper\">\n<h3>Responsables<\/h3>\n<p>Los Powerbanks de PESS Energy son un 96% menos contaminantes por hora de uso que un generador t\u00e9rmico de la misma potencia. No emiten humo, vibraciones ni ruido.<\/p>\n<\/div>\n<\/div>\n<\/div>\n<\/div>\n<\/div>\n<div class=\"wpb_column column_container col-sm-3\">\n<div class=\"vc_column-inner \">\n<div class=\"wpb_wrapper\">\n<div class=\"wpb_text_column wpb_content_element \">\n<div class=\"wpb_wrapper\">\n<h3>Innovadores<\/h3>\n<p>Son los PowerBanks m\u00e1s potentes del mercado, equipados con un sistema de carga r\u00e1pida, as\u00ed como un sistema inteligente de calentamiento y gesti\u00f3n de bater\u00edas de Li-ion que garantiza su seguridad y durabilidad.<\/p>\n<\/div>\n<\/div>\n<\/div>\n<\/div>\n<\/div>\n<div class=\"wpb_column column_container col-sm-3\">\n<div class=\"vc_column-inner \">\n<div class=\"wpb_wrapper\">\n<div class=\"wpb_text_column wpb_content_element \">\n<div class=\"wpb_wrapper\">\n<h3>Seguros<\/h3>\n<p>Bater\u00edas muy estables, seguras, resistentes, no necesitan mantenimiento y tienen una vida \u00fatil de m\u00e1s de 8 a\u00f1os (2000 ciclos). Cumplen con las normas CE (BT y CEM).<\/p>\n<\/div>\n<\/div>\n<\/div>\n<\/div>\n<\/div>\n<p>&nbsp;<\/p>\n<h3>Especificaciones T\u00e9cnicas del PESS, WATTMAN (6 kW 10 kWh):<\/h3>\n<ul>\n<li>Potencia continua: 6.000 W.<\/li>\n<li>Potencia m\u00e1xima (0,5s): 12.000 W.<\/li>\n<li>Capacidad de la bater\u00eda: 10 200 Wh.<\/li>\n<li>Tensi\u00f3n de salida: 230Vac \u2013 50Hz.<\/li>\n<li>Salidas: 2 TipoE-16A (2 x 3500 W).<\/li>\n<li>Entrada: 1 Power Twist NCA3 \u2013 20A.<\/li>\n<li>1 toma Anderson 50A (PV 5000 W).<\/li>\n<li>Tiempo de recarga (16A): &lt; 4h (90%).<\/li>\n<li>Tiempo de funcionamiento a 500 W: &gt; 21 h.<\/li>\n<li>Tiempo de funcionamiento a 1000 W: &gt; 9 h.<\/li>\n<li>Tiempo de funcionamiento a 2000 W: &gt; 4,5 h.<\/li>\n<li>Peso: 85kg.<\/li>\n<li>Dimensiones: 68 x 53 x 64 cm.<\/li>\n<\/ul>\n<p>&nbsp;<\/p>\n<hr \/>\n<div class=\"social-icon social-big\"><a href=\"https:\/\/www.facebook.com\/welabplus\/\" target=\"_blank\" title=\"\"><i class=\"fa fa-facebook\"><\/i><\/a><\/div>\n<div class=\"social-icon social-big\"><a href=\"https:\/\/twitter.com\/welabplus\" target=\"_blank\" title=\"\"><i class=\"fa fa-twitter\"><\/i><\/a><\/div>\n<div class=\"social-icon social-big\"><a href=\"https:\/\/www.instagram.com\/welabplus\/?hl=es\" target=\"_blank\" title=\"\"><i class=\"fa fa-instagram\"><\/i><\/a><\/div>\n<div class=\"social-icon social-big\"><a href=\"https:\/\/www.linkedin.com\/company\/welabplus\" target=\"_blank\" title=\"\"><i class=\"fa fa-linkedin\"><\/i><\/a><\/div>\n","protected":false},"excerpt":{"rendered":"<p>El l sistema PESS, WATTMAN (6kW 10kWh) es capaz de alimentar todos sus equipos el\u00e9ctricos de 230Vac en cualquier lugar [&hellip;]<\/p>\n","protected":false},"featured_media":28448,"comment_status":"closed","ping_status":"closed","template":"","meta":{"_acf_changed":false,"inline_featured_image":false},"product_brand":[],"product_cat":[7747],"product_tag":[9156,9157,9158,7743,9152,9153,9154,9155],"class_list":{"0":"post-27654","1":"product","2":"type-product","3":"status-publish","4":"has-post-thumbnail","6":"product_cat-acumuladores","7":"product_tag-wattman","8":"product_tag-pess-energy","9":"product_tag-alquiler-acumuladores-pess-energy","10":"product_tag-alquiler-acumuladores","11":"product_tag-pess","12":"product_tag-wattman-6-kw-10-kwh","13":"product_tag-acumulador-pess","14":"product_tag-otros-acumulador-pess","16":"first","17":"instock","18":"shipping-taxable","19":"purchasable","20":"product-type-simple"},"acf":[],"yoast_head":"<!-- This site is optimized with the Yoast SEO plugin v26.2 - https:\/\/yoast.com\/wordpress\/plugins\/seo\/ -->\n<title>PESS, WATTMAN (6kW 10kWh) - Welabplus<\/title>\n<meta name=\"description\" content=\"Alquiler del PESS, WATTMAN (6kW 10kWh) en Welab en Madrid y en las Islas Canarias, para cine, publicidad, series, documentales...\" \/>\n<meta name=\"robots\" content=\"index, follow, max-snippet:-1, max-image-preview:large, max-video-preview:-1\" \/>\n<link rel=\"canonical\" href=\"https:\/\/welabplus.com\/wevision\/catalogo\/acumuladores\/pess-wattman-6kw-10kwh\/\" \/>\n<meta property=\"og:locale\" content=\"es_ES\" \/>\n<meta property=\"og:type\" content=\"article\" \/>\n<meta property=\"og:title\" content=\"PESS, WATTMAN (6kW 10kWh) - Welabplus\" \/>\n<meta property=\"og:description\" content=\"Alquiler del PESS, WATTMAN (6kW 10kWh) en Welab en Madrid y en las Islas Canarias, para cine, publicidad, series, documentales...\" \/>\n<meta property=\"og:url\" content=\"https:\/\/welabplus.com\/wevision\/catalogo\/acumuladores\/pess-wattman-6kw-10kwh\/\" \/>\n<meta property=\"og:site_name\" content=\"Wevision\" \/>\n<meta property=\"article:publisher\" content=\"https:\/\/www.facebook.com\/welab.es\/\" \/>\n<meta property=\"article:modified_time\" content=\"2026-01-23T14:50:03+00:00\" \/>\n<meta property=\"og:image\" content=\"https:\/\/welabplus.com\/wevision\/wp-content\/uploads\/2025\/06\/ALQUILER-PESS-WATTMAN-6KW-10-KWH-WEVISION.jpg\" \/>\n\t<meta property=\"og:image:width\" content=\"933\" \/>\n\t<meta property=\"og:image:height\" content=\"557\" \/>\n\t<meta property=\"og:image:type\" content=\"image\/jpeg\" \/>\n<meta name=\"twitter:card\" content=\"summary_large_image\" \/>\n<meta name=\"twitter:site\" content=\"@welabspain\" \/>\n<meta name=\"twitter:label1\" content=\"Tiempo de lectura\" \/>\n\t<meta name=\"twitter:data1\" content=\"2 minutos\" \/>\n<script type=\"application\/ld+json\" class=\"yoast-schema-graph\">{\"@context\":\"https:\/\/schema.org\",\"@graph\":[{\"@type\":\"WebPage\",\"@id\":\"https:\/\/welabplus.com\/wevision\/catalogo\/acumuladores\/pess-wattman-6kw-10kwh\/\",\"url\":\"https:\/\/welabplus.com\/wevision\/catalogo\/acumuladores\/pess-wattman-6kw-10kwh\/\",\"name\":\"PESS, WATTMAN (6kW 10kWh) - Welabplus\",\"isPartOf\":{\"@id\":\"https:\/\/welabplus.com\/wevision\/#website\"},\"primaryImageOfPage\":{\"@id\":\"https:\/\/welabplus.com\/wevision\/catalogo\/acumuladores\/pess-wattman-6kw-10kwh\/#primaryimage\"},\"image\":{\"@id\":\"https:\/\/welabplus.com\/wevision\/catalogo\/acumuladores\/pess-wattman-6kw-10kwh\/#primaryimage\"},\"thumbnailUrl\":\"https:\/\/welabplus.com\/wevision\/wp-content\/uploads\/2025\/06\/ALQUILER-PESS-WATTMAN-6KW-10-KWH-WEVISION.jpg\",\"datePublished\":\"2026-01-23T10:48:53+00:00\",\"dateModified\":\"2026-01-23T14:50:03+00:00\",\"description\":\"Alquiler del PESS, WATTMAN (6kW 10kWh) en Welab en Madrid y en las Islas Canarias, para cine, publicidad, series, documentales...\",\"breadcrumb\":{\"@id\":\"https:\/\/welabplus.com\/wevision\/catalogo\/acumuladores\/pess-wattman-6kw-10kwh\/#breadcrumb\"},\"inLanguage\":\"es\",\"potentialAction\":[{\"@type\":\"ReadAction\",\"target\":[\"https:\/\/welabplus.com\/wevision\/catalogo\/acumuladores\/pess-wattman-6kw-10kwh\/\"]}]},{\"@type\":\"ImageObject\",\"inLanguage\":\"es\",\"@id\":\"https:\/\/welabplus.com\/wevision\/catalogo\/acumuladores\/pess-wattman-6kw-10kwh\/#primaryimage\",\"url\":\"https:\/\/welabplus.com\/wevision\/wp-content\/uploads\/2025\/06\/ALQUILER-PESS-WATTMAN-6KW-10-KWH-WEVISION.jpg\",\"contentUrl\":\"https:\/\/welabplus.com\/wevision\/wp-content\/uploads\/2025\/06\/ALQUILER-PESS-WATTMAN-6KW-10-KWH-WEVISION.jpg\",\"width\":933,\"height\":557},{\"@type\":\"BreadcrumbList\",\"@id\":\"https:\/\/welabplus.com\/wevision\/catalogo\/acumuladores\/pess-wattman-6kw-10kwh\/#breadcrumb\",\"itemListElement\":[{\"@type\":\"ListItem\",\"position\":1,\"name\":\"Portada\",\"item\":\"https:\/\/welabplus.com\/wevision\/\"},{\"@type\":\"ListItem\",\"position\":2,\"name\":\"Cat\u00e1logo\",\"item\":\"https:\/\/welabplus.com\/wevision\/catalogo\/\"},{\"@type\":\"ListItem\",\"position\":3,\"name\":\"PESS, WATTMAN (6kW 10kWh)\"}]},{\"@type\":\"WebSite\",\"@id\":\"https:\/\/welabplus.com\/wevision\/#website\",\"url\":\"https:\/\/welabplus.com\/wevision\/\",\"name\":\"Welabplus\",\"description\":\"C\u00e1maras y lentes para cine\",\"publisher\":{\"@id\":\"https:\/\/welabplus.com\/wevision\/#organization\"},\"potentialAction\":[{\"@type\":\"SearchAction\",\"target\":{\"@type\":\"EntryPoint\",\"urlTemplate\":\"https:\/\/welabplus.com\/wevision\/?s={search_term_string}\"},\"query-input\":{\"@type\":\"PropertyValueSpecification\",\"valueRequired\":true,\"valueName\":\"search_term_string\"}}],\"inLanguage\":\"es\"},{\"@type\":\"Organization\",\"@id\":\"https:\/\/welabplus.com\/wevision\/#organization\",\"name\":\"Welab Canary Islands\",\"url\":\"https:\/\/welabplus.com\/wevision\/\",\"logo\":{\"@type\":\"ImageObject\",\"inLanguage\":\"es\",\"@id\":\"https:\/\/welabplus.com\/wevision\/#\/schema\/logo\/image\/\",\"url\":\"\",\"contentUrl\":\"\",\"caption\":\"Welab Canary Islands\"},\"image\":{\"@id\":\"https:\/\/welabplus.com\/wevision\/#\/schema\/logo\/image\/\"},\"sameAs\":[\"https:\/\/www.facebook.com\/welab.es\/\",\"https:\/\/x.com\/welabspain\"]}]}<\/script>\n<!-- \/ Yoast SEO plugin. -->","yoast_head_json":{"title":"PESS, WATTMAN (6kW 10kWh) - Welabplus","description":"Alquiler del PESS, WATTMAN (6kW 10kWh) en Welab en Madrid y en las Islas Canarias, para cine, publicidad, series, documentales...","robots":{"index":"index","follow":"follow","max-snippet":"max-snippet:-1","max-image-preview":"max-image-preview:large","max-video-preview":"max-video-preview:-1"},"canonical":"https:\/\/welabplus.com\/wevision\/catalogo\/acumuladores\/pess-wattman-6kw-10kwh\/","og_locale":"es_ES","og_type":"article","og_title":"PESS, WATTMAN (6kW 10kWh) - Welabplus","og_description":"Alquiler del PESS, WATTMAN (6kW 10kWh) en Welab en Madrid y en las Islas Canarias, para cine, publicidad, series, documentales...","og_url":"https:\/\/welabplus.com\/wevision\/catalogo\/acumuladores\/pess-wattman-6kw-10kwh\/","og_site_name":"Wevision","article_publisher":"https:\/\/www.facebook.com\/welab.es\/","article_modified_time":"2026-01-23T14:50:03+00:00","og_image":[{"width":933,"height":557,"url":"https:\/\/welabplus.com\/wevision\/wp-content\/uploads\/2025\/06\/ALQUILER-PESS-WATTMAN-6KW-10-KWH-WEVISION.jpg","type":"image\/jpeg"}],"twitter_card":"summary_large_image","twitter_site":"@welabspain","twitter_misc":{"Tiempo de lectura":"2 minutos"},"schema":{"@context":"https:\/\/schema.org","@graph":[{"@type":"WebPage","@id":"https:\/\/welabplus.com\/wevision\/catalogo\/acumuladores\/pess-wattman-6kw-10kwh\/","url":"https:\/\/welabplus.com\/wevision\/catalogo\/acumuladores\/pess-wattman-6kw-10kwh\/","name":"PESS, WATTMAN (6kW 10kWh) - Welabplus","isPartOf":{"@id":"https:\/\/welabplus.com\/wevision\/#website"},"primaryImageOfPage":{"@id":"https:\/\/welabplus.com\/wevision\/catalogo\/acumuladores\/pess-wattman-6kw-10kwh\/#primaryimage"},"image":{"@id":"https:\/\/welabplus.com\/wevision\/catalogo\/acumuladores\/pess-wattman-6kw-10kwh\/#primaryimage"},"thumbnailUrl":"https:\/\/welabplus.com\/wevision\/wp-content\/uploads\/2025\/06\/ALQUILER-PESS-WATTMAN-6KW-10-KWH-WEVISION.jpg","datePublished":"2026-01-23T10:48:53+00:00","dateModified":"2026-01-23T14:50:03+00:00","description":"Alquiler del PESS, WATTMAN (6kW 10kWh) en Welab en Madrid y en las Islas Canarias, para cine, publicidad, series, documentales...","breadcrumb":{"@id":"https:\/\/welabplus.com\/wevision\/catalogo\/acumuladores\/pess-wattman-6kw-10kwh\/#breadcrumb"},"inLanguage":"es","potentialAction":[{"@type":"ReadAction","target":["https:\/\/welabplus.com\/wevision\/catalogo\/acumuladores\/pess-wattman-6kw-10kwh\/"]}]},{"@type":"ImageObject","inLanguage":"es","@id":"https:\/\/welabplus.com\/wevision\/catalogo\/acumuladores\/pess-wattman-6kw-10kwh\/#primaryimage","url":"https:\/\/welabplus.com\/wevision\/wp-content\/uploads\/2025\/06\/ALQUILER-PESS-WATTMAN-6KW-10-KWH-WEVISION.jpg","contentUrl":"https:\/\/welabplus.com\/wevision\/wp-content\/uploads\/2025\/06\/ALQUILER-PESS-WATTMAN-6KW-10-KWH-WEVISION.jpg","width":933,"height":557},{"@type":"BreadcrumbList","@id":"https:\/\/welabplus.com\/wevision\/catalogo\/acumuladores\/pess-wattman-6kw-10kwh\/#breadcrumb","itemListElement":[{"@type":"ListItem","position":1,"name":"Portada","item":"https:\/\/welabplus.com\/wevision\/"},{"@type":"ListItem","position":2,"name":"Cat\u00e1logo","item":"https:\/\/welabplus.com\/wevision\/catalogo\/"},{"@type":"ListItem","position":3,"name":"PESS, WATTMAN (6kW 10kWh)"}]},{"@type":"WebSite","@id":"https:\/\/welabplus.com\/wevision\/#website","url":"https:\/\/welabplus.com\/wevision\/","name":"Welabplus","description":"C\u00e1maras y lentes para cine","publisher":{"@id":"https:\/\/welabplus.com\/wevision\/#organization"},"potentialAction":[{"@type":"SearchAction","target":{"@type":"EntryPoint","urlTemplate":"https:\/\/welabplus.com\/wevision\/?s={search_term_string}"},"query-input":{"@type":"PropertyValueSpecification","valueRequired":true,"valueName":"search_term_string"}}],"inLanguage":"es"},{"@type":"Organization","@id":"https:\/\/welabplus.com\/wevision\/#organization","name":"Welab Canary Islands","url":"https:\/\/welabplus.com\/wevision\/","logo":{"@type":"ImageObject","inLanguage":"es","@id":"https:\/\/welabplus.com\/wevision\/#\/schema\/logo\/image\/","url":"","contentUrl":"","caption":"Welab Canary Islands"},"image":{"@id":"https:\/\/welabplus.com\/wevision\/#\/schema\/logo\/image\/"},"sameAs":["https:\/\/www.facebook.com\/welab.es\/","https:\/\/x.com\/welabspain"]}]}},"_links":{"self":[{"href":"https:\/\/welabplus.com\/wevision\/wp-json\/wp\/v2\/product\/27654","targetHints":{"allow":["GET"]}}],"collection":[{"href":"https:\/\/welabplus.com\/wevision\/wp-json\/wp\/v2\/product"}],"about":[{"href":"https:\/\/welabplus.com\/wevision\/wp-json\/wp\/v2\/types\/product"}],"replies":[{"embeddable":true,"href":"https:\/\/welabplus.com\/wevision\/wp-json\/wp\/v2\/comments?post=27654"}],"wp:featuredmedia":[{"embeddable":true,"href":"https:\/\/welabplus.com\/wevision\/wp-json\/wp\/v2\/media\/28448"}],"wp:attachment":[{"href":"https:\/\/welabplus.com\/wevision\/wp-json\/wp\/v2\/media?parent=27654"}],"wp:term":[{"taxonomy":"product_brand","embeddable":true,"href":"https:\/\/welabplus.com\/wevision\/wp-json\/wp\/v2\/product_brand?post=27654"},{"taxonomy":"product_cat","embeddable":true,"href":"https:\/\/welabplus.com\/wevision\/wp-json\/wp\/v2\/product_cat?post=27654"},{"taxonomy":"product_tag","embeddable":true,"href":"https:\/\/welabplus.com\/wevision\/wp-json\/wp\/v2\/product_tag?post=27654"}],"curies":[{"name":"wp","href":"https:\/\/api.w.org\/{rel}","templated":true}]}}