{"id":21358,"date":"2025-11-06T10:24:50","date_gmt":"2025-11-06T09:24:50","guid":{"rendered":"https:\/\/welabplus.com\/wevision\/?post_type=product&#038;p=21358"},"modified":"2025-11-18T12:03:20","modified_gmt":"2025-11-18T11:03:20","slug":"astra-led-1x1-soft-bi-color","status":"publish","type":"product","link":"https:\/\/welabplus.com\/wevision\/catalogo\/led\/paneles\/litepanels\/astra-led-1x1-soft-bi-color\/","title":{"rendered":"ASTRA LED 1&#215;1 SOFT BI-COLOR"},"content":{"rendered":"<p class=\"p2\"><span class=\"s1\">El <strong>ASTRA LED 1&#215;1 SOFT BI-COLOR<\/strong> es la \u00faltima incorporaci\u00f3n a la familia de paneles <strong>LED<\/strong> de <strong>Litepanels<\/strong>. Es un panel que sigue el tradicional dise\u00f1o cuadrado de la gama, pero con un \u00e1ngulo del haz de <strong>93 grados.<\/strong> Proporciona un alto <strong>TLCI<\/strong> y LED de montaje superficial.<\/span><\/p>\n<p class=\"p2\">El panel Astra Soft Bi-Color tiene un alto <strong>CRI (93+)<\/strong> que, seg\u00fan Litepanels, \u00abofrece una reproducci\u00f3n de color excepcional y una temperatura de color precisa\u00bb. Como sugiere su nombre, el Astra Soft Bi-Color se puede ajustar entre luz diurna y tungsteno y se puede atenuar sin que se note un cambio de color. El nuevo panel 1&#215;1 tambi\u00e9n ofrece un rendimiento sin parpadeos en cualquier velocidad de cuadros o \u00e1ngulo de obturaci\u00f3n y puede funcionar con bater\u00edas o con la red el\u00e9ctrica. El consumo m\u00e1ximo de energ\u00eda es de 110 vatios y la luz tiene una salida comparativa declarada de una luz suave de tungsteno 2K.<\/p>\n<p class=\"p2\"><span class=\"s1\">Tiene controles manuales para regulaci\u00f3n de intensidad y temperatura de color. Mismos par\u00e1metros que pueden controlarse tambi\u00e9n de forma remota mediante m\u00f3dulos opcionales \u00a0de <strong>DMX<\/strong> o <strong>Bluetooth<\/strong> se pueden ajustar el brillo, la temperatura de color y la \u00a0refrigeraci\u00f3n.<\/span><\/p>\n<p class=\"p2\"><span class=\"s1\">El Astra Soft tiene una potencia impresionante, y es perfecto para tomas de exterior en d\u00edas muy soleados. Su consumo m\u00e1ximo es de <strong>110 vatios<\/strong> y existe un adaptador opcional para bater\u00edas <strong>v mount y gold mount.<\/strong><\/span><\/p>\n<p>&nbsp;<\/p>\n<h3>Especificaciones T\u00e9cnicas del ASTRA LED 1&#215;1 SOFT BI-COLOR:<\/h3>\n<ul>\n<li>Consumo m\u00e1ximo: 110W.<\/li>\n<li>Peso del foco: 3,4 kg.<\/li>\n<li>Temperatura: Bicolor.<\/li>\n<li>Apertura \/ \u00c1ngulo del haz: 90\u00ba.<\/li>\n<li>Voltaje de entrada: 13-24VDC 120-240VAC.<\/li>\n<li>Potencia de salida equivalente: 750W Tungsten Soft light.<\/li>\n<\/ul>\n<div>\n<div class=\"\">\n<p>&nbsp;<\/p>\n<\/div>\n<\/div>\n<hr \/>\n<div class=\"social-icon social-big\"><a href=\"https:\/\/www.facebook.com\/welabplus\/\" target=\"_blank\" title=\"\"><i class=\"fa fa-facebook\"><\/i><\/a><\/div>\n<div class=\"social-icon social-big\"><a href=\"https:\/\/twitter.com\/welabplus\" target=\"_blank\" title=\"\"><i class=\"fa fa-twitter\"><\/i><\/a><\/div>\n<div class=\"social-icon social-big\"><a href=\"https:\/\/www.instagram.com\/welabplus\/?hl=es\" target=\"_blank\" title=\"\"><i class=\"fa fa-instagram\"><\/i><\/a><\/div>\n<div class=\"social-icon social-big\"><a href=\"https:\/\/www.linkedin.com\/company\/welabplus\" target=\"_blank\" title=\"\"><i class=\"fa fa-linkedin\"><\/i><\/a><\/div>\n","protected":false},"excerpt":{"rendered":"<p>El ASTRA LED 1&#215;1 SOFT BI-COLOR es la \u00faltima incorporaci\u00f3n a la familia de paneles LED de Litepanels. Es un [&hellip;]<\/p>\n","protected":false},"featured_media":28039,"comment_status":"closed","ping_status":"closed","template":"","meta":{"_acf_changed":false,"inline_featured_image":false},"product_brand":[],"product_cat":[6291,9040],"product_tag":[4500,5124,6302],"class_list":{"0":"post-21358","1":"product","2":"type-product","3":"status-publish","4":"has-post-thumbnail","6":"product_cat-paneles","7":"product_cat-litepanels","8":"product_tag-alquiler-de-material-audiovisual","9":"product_tag-servicios-audiovisuales","10":"product_tag-alquiler-astra-led","12":"first","13":"instock","14":"shipping-taxable","15":"purchasable","16":"product-type-simple"},"acf":[],"yoast_head":"<!-- This site is optimized with the Yoast SEO plugin v26.2 - https:\/\/yoast.com\/wordpress\/plugins\/seo\/ -->\n<title>ASTRA LED 1x1 SOFT BI-COLOR - Welabplus<\/title>\n<meta name=\"description\" content=\"Alquiler de ASTRA LED 1x1 SOFT BI-COLOR en Welab en Madrid y en las Islas Canarias, para cine publicidad, series, documentales, videoclips....\" \/>\n<meta name=\"robots\" content=\"index, follow, max-snippet:-1, max-image-preview:large, max-video-preview:-1\" \/>\n<link rel=\"canonical\" href=\"https:\/\/welabplus.com\/wevision\/catalogo\/led\/paneles\/litepanels\/astra-led-1x1-soft-bi-color\/\" \/>\n<meta property=\"og:locale\" content=\"es_ES\" \/>\n<meta property=\"og:type\" content=\"article\" \/>\n<meta property=\"og:title\" content=\"ASTRA LED 1x1 SOFT BI-COLOR - Welabplus\" \/>\n<meta property=\"og:description\" content=\"Alquiler de ASTRA LED 1x1 SOFT BI-COLOR en Welab en Madrid y en las Islas Canarias, para cine publicidad, series, documentales, videoclips....\" \/>\n<meta property=\"og:url\" content=\"https:\/\/welabplus.com\/wevision\/catalogo\/led\/paneles\/litepanels\/astra-led-1x1-soft-bi-color\/\" \/>\n<meta property=\"og:site_name\" content=\"Wevision\" \/>\n<meta property=\"article:publisher\" content=\"https:\/\/www.facebook.com\/welab.es\/\" \/>\n<meta property=\"article:modified_time\" content=\"2025-11-18T11:03:20+00:00\" \/>\n<meta property=\"og:image\" content=\"https:\/\/welabplus.com\/wevision\/wp-content\/uploads\/2025\/11\/ALQUILER-ASTRA-LED-1X1-SOFT-BI-COLOR-WEVISION_WELABPLUS.jpg\" \/>\n\t<meta property=\"og:image:width\" content=\"933\" \/>\n\t<meta property=\"og:image:height\" content=\"557\" \/>\n\t<meta property=\"og:image:type\" content=\"image\/jpeg\" \/>\n<meta name=\"twitter:card\" content=\"summary_large_image\" \/>\n<meta name=\"twitter:site\" content=\"@welabspain\" \/>\n<meta name=\"twitter:label1\" content=\"Tiempo de lectura\" \/>\n\t<meta name=\"twitter:data1\" content=\"2 minutos\" \/>\n<script type=\"application\/ld+json\" class=\"yoast-schema-graph\">{\"@context\":\"https:\/\/schema.org\",\"@graph\":[{\"@type\":\"WebPage\",\"@id\":\"https:\/\/welabplus.com\/wevision\/catalogo\/led\/paneles\/litepanels\/astra-led-1x1-soft-bi-color\/\",\"url\":\"https:\/\/welabplus.com\/wevision\/catalogo\/led\/paneles\/litepanels\/astra-led-1x1-soft-bi-color\/\",\"name\":\"ASTRA LED 1x1 SOFT BI-COLOR - Welabplus\",\"isPartOf\":{\"@id\":\"https:\/\/welabplus.com\/wevision\/#website\"},\"primaryImageOfPage\":{\"@id\":\"https:\/\/welabplus.com\/wevision\/catalogo\/led\/paneles\/litepanels\/astra-led-1x1-soft-bi-color\/#primaryimage\"},\"image\":{\"@id\":\"https:\/\/welabplus.com\/wevision\/catalogo\/led\/paneles\/litepanels\/astra-led-1x1-soft-bi-color\/#primaryimage\"},\"thumbnailUrl\":\"https:\/\/welabplus.com\/wevision\/wp-content\/uploads\/2025\/11\/ALQUILER-ASTRA-LED-1X1-SOFT-BI-COLOR-WEVISION_WELABPLUS.jpg\",\"datePublished\":\"2025-11-06T09:24:50+00:00\",\"dateModified\":\"2025-11-18T11:03:20+00:00\",\"description\":\"Alquiler de ASTRA LED 1x1 SOFT BI-COLOR en Welab en Madrid y en las Islas Canarias, para cine publicidad, series, documentales, videoclips....\",\"breadcrumb\":{\"@id\":\"https:\/\/welabplus.com\/wevision\/catalogo\/led\/paneles\/litepanels\/astra-led-1x1-soft-bi-color\/#breadcrumb\"},\"inLanguage\":\"es\",\"potentialAction\":[{\"@type\":\"ReadAction\",\"target\":[\"https:\/\/welabplus.com\/wevision\/catalogo\/led\/paneles\/litepanels\/astra-led-1x1-soft-bi-color\/\"]}]},{\"@type\":\"ImageObject\",\"inLanguage\":\"es\",\"@id\":\"https:\/\/welabplus.com\/wevision\/catalogo\/led\/paneles\/litepanels\/astra-led-1x1-soft-bi-color\/#primaryimage\",\"url\":\"https:\/\/welabplus.com\/wevision\/wp-content\/uploads\/2025\/11\/ALQUILER-ASTRA-LED-1X1-SOFT-BI-COLOR-WEVISION_WELABPLUS.jpg\",\"contentUrl\":\"https:\/\/welabplus.com\/wevision\/wp-content\/uploads\/2025\/11\/ALQUILER-ASTRA-LED-1X1-SOFT-BI-COLOR-WEVISION_WELABPLUS.jpg\",\"width\":933,\"height\":557,\"caption\":\"ALQUILER ASTRA LED 1X1 SOFT BI COLOR WEVISION WELABPLUS\"},{\"@type\":\"BreadcrumbList\",\"@id\":\"https:\/\/welabplus.com\/wevision\/catalogo\/led\/paneles\/litepanels\/astra-led-1x1-soft-bi-color\/#breadcrumb\",\"itemListElement\":[{\"@type\":\"ListItem\",\"position\":1,\"name\":\"Portada\",\"item\":\"https:\/\/welabplus.com\/wevision\/\"},{\"@type\":\"ListItem\",\"position\":2,\"name\":\"Cat\u00e1logo\",\"item\":\"https:\/\/welabplus.com\/wevision\/catalogo\/\"},{\"@type\":\"ListItem\",\"position\":3,\"name\":\"ASTRA LED 1&#215;1 SOFT BI-COLOR\"}]},{\"@type\":\"WebSite\",\"@id\":\"https:\/\/welabplus.com\/wevision\/#website\",\"url\":\"https:\/\/welabplus.com\/wevision\/\",\"name\":\"Welabplus\",\"description\":\"C\u00e1maras y lentes para cine\",\"publisher\":{\"@id\":\"https:\/\/welabplus.com\/wevision\/#organization\"},\"potentialAction\":[{\"@type\":\"SearchAction\",\"target\":{\"@type\":\"EntryPoint\",\"urlTemplate\":\"https:\/\/welabplus.com\/wevision\/?s={search_term_string}\"},\"query-input\":{\"@type\":\"PropertyValueSpecification\",\"valueRequired\":true,\"valueName\":\"search_term_string\"}}],\"inLanguage\":\"es\"},{\"@type\":\"Organization\",\"@id\":\"https:\/\/welabplus.com\/wevision\/#organization\",\"name\":\"Welab Canary Islands\",\"url\":\"https:\/\/welabplus.com\/wevision\/\",\"logo\":{\"@type\":\"ImageObject\",\"inLanguage\":\"es\",\"@id\":\"https:\/\/welabplus.com\/wevision\/#\/schema\/logo\/image\/\",\"url\":\"\",\"contentUrl\":\"\",\"caption\":\"Welab Canary Islands\"},\"image\":{\"@id\":\"https:\/\/welabplus.com\/wevision\/#\/schema\/logo\/image\/\"},\"sameAs\":[\"https:\/\/www.facebook.com\/welab.es\/\",\"https:\/\/x.com\/welabspain\"]}]}<\/script>\n<!-- \/ Yoast SEO plugin. -->","yoast_head_json":{"title":"ASTRA LED 1x1 SOFT BI-COLOR - Welabplus","description":"Alquiler de ASTRA LED 1x1 SOFT BI-COLOR en Welab en Madrid y en las Islas Canarias, para cine publicidad, series, documentales, videoclips....","robots":{"index":"index","follow":"follow","max-snippet":"max-snippet:-1","max-image-preview":"max-image-preview:large","max-video-preview":"max-video-preview:-1"},"canonical":"https:\/\/welabplus.com\/wevision\/catalogo\/led\/paneles\/litepanels\/astra-led-1x1-soft-bi-color\/","og_locale":"es_ES","og_type":"article","og_title":"ASTRA LED 1x1 SOFT BI-COLOR - Welabplus","og_description":"Alquiler de ASTRA LED 1x1 SOFT BI-COLOR en Welab en Madrid y en las Islas Canarias, para cine publicidad, series, documentales, videoclips....","og_url":"https:\/\/welabplus.com\/wevision\/catalogo\/led\/paneles\/litepanels\/astra-led-1x1-soft-bi-color\/","og_site_name":"Wevision","article_publisher":"https:\/\/www.facebook.com\/welab.es\/","article_modified_time":"2025-11-18T11:03:20+00:00","og_image":[{"width":933,"height":557,"url":"https:\/\/welabplus.com\/wevision\/wp-content\/uploads\/2025\/11\/ALQUILER-ASTRA-LED-1X1-SOFT-BI-COLOR-WEVISION_WELABPLUS.jpg","type":"image\/jpeg"}],"twitter_card":"summary_large_image","twitter_site":"@welabspain","twitter_misc":{"Tiempo de lectura":"2 minutos"},"schema":{"@context":"https:\/\/schema.org","@graph":[{"@type":"WebPage","@id":"https:\/\/welabplus.com\/wevision\/catalogo\/led\/paneles\/litepanels\/astra-led-1x1-soft-bi-color\/","url":"https:\/\/welabplus.com\/wevision\/catalogo\/led\/paneles\/litepanels\/astra-led-1x1-soft-bi-color\/","name":"ASTRA LED 1x1 SOFT BI-COLOR - Welabplus","isPartOf":{"@id":"https:\/\/welabplus.com\/wevision\/#website"},"primaryImageOfPage":{"@id":"https:\/\/welabplus.com\/wevision\/catalogo\/led\/paneles\/litepanels\/astra-led-1x1-soft-bi-color\/#primaryimage"},"image":{"@id":"https:\/\/welabplus.com\/wevision\/catalogo\/led\/paneles\/litepanels\/astra-led-1x1-soft-bi-color\/#primaryimage"},"thumbnailUrl":"https:\/\/welabplus.com\/wevision\/wp-content\/uploads\/2025\/11\/ALQUILER-ASTRA-LED-1X1-SOFT-BI-COLOR-WEVISION_WELABPLUS.jpg","datePublished":"2025-11-06T09:24:50+00:00","dateModified":"2025-11-18T11:03:20+00:00","description":"Alquiler de ASTRA LED 1x1 SOFT BI-COLOR en Welab en Madrid y en las Islas Canarias, para cine publicidad, series, documentales, videoclips....","breadcrumb":{"@id":"https:\/\/welabplus.com\/wevision\/catalogo\/led\/paneles\/litepanels\/astra-led-1x1-soft-bi-color\/#breadcrumb"},"inLanguage":"es","potentialAction":[{"@type":"ReadAction","target":["https:\/\/welabplus.com\/wevision\/catalogo\/led\/paneles\/litepanels\/astra-led-1x1-soft-bi-color\/"]}]},{"@type":"ImageObject","inLanguage":"es","@id":"https:\/\/welabplus.com\/wevision\/catalogo\/led\/paneles\/litepanels\/astra-led-1x1-soft-bi-color\/#primaryimage","url":"https:\/\/welabplus.com\/wevision\/wp-content\/uploads\/2025\/11\/ALQUILER-ASTRA-LED-1X1-SOFT-BI-COLOR-WEVISION_WELABPLUS.jpg","contentUrl":"https:\/\/welabplus.com\/wevision\/wp-content\/uploads\/2025\/11\/ALQUILER-ASTRA-LED-1X1-SOFT-BI-COLOR-WEVISION_WELABPLUS.jpg","width":933,"height":557,"caption":"ALQUILER ASTRA LED 1X1 SOFT BI COLOR WEVISION WELABPLUS"},{"@type":"BreadcrumbList","@id":"https:\/\/welabplus.com\/wevision\/catalogo\/led\/paneles\/litepanels\/astra-led-1x1-soft-bi-color\/#breadcrumb","itemListElement":[{"@type":"ListItem","position":1,"name":"Portada","item":"https:\/\/welabplus.com\/wevision\/"},{"@type":"ListItem","position":2,"name":"Cat\u00e1logo","item":"https:\/\/welabplus.com\/wevision\/catalogo\/"},{"@type":"ListItem","position":3,"name":"ASTRA LED 1&#215;1 SOFT BI-COLOR"}]},{"@type":"WebSite","@id":"https:\/\/welabplus.com\/wevision\/#website","url":"https:\/\/welabplus.com\/wevision\/","name":"Welabplus","description":"C\u00e1maras y lentes para cine","publisher":{"@id":"https:\/\/welabplus.com\/wevision\/#organization"},"potentialAction":[{"@type":"SearchAction","target":{"@type":"EntryPoint","urlTemplate":"https:\/\/welabplus.com\/wevision\/?s={search_term_string}"},"query-input":{"@type":"PropertyValueSpecification","valueRequired":true,"valueName":"search_term_string"}}],"inLanguage":"es"},{"@type":"Organization","@id":"https:\/\/welabplus.com\/wevision\/#organization","name":"Welab Canary Islands","url":"https:\/\/welabplus.com\/wevision\/","logo":{"@type":"ImageObject","inLanguage":"es","@id":"https:\/\/welabplus.com\/wevision\/#\/schema\/logo\/image\/","url":"","contentUrl":"","caption":"Welab Canary Islands"},"image":{"@id":"https:\/\/welabplus.com\/wevision\/#\/schema\/logo\/image\/"},"sameAs":["https:\/\/www.facebook.com\/welab.es\/","https:\/\/x.com\/welabspain"]}]}},"_links":{"self":[{"href":"https:\/\/welabplus.com\/wevision\/wp-json\/wp\/v2\/product\/21358","targetHints":{"allow":["GET"]}}],"collection":[{"href":"https:\/\/welabplus.com\/wevision\/wp-json\/wp\/v2\/product"}],"about":[{"href":"https:\/\/welabplus.com\/wevision\/wp-json\/wp\/v2\/types\/product"}],"replies":[{"embeddable":true,"href":"https:\/\/welabplus.com\/wevision\/wp-json\/wp\/v2\/comments?post=21358"}],"wp:featuredmedia":[{"embeddable":true,"href":"https:\/\/welabplus.com\/wevision\/wp-json\/wp\/v2\/media\/28039"}],"wp:attachment":[{"href":"https:\/\/welabplus.com\/wevision\/wp-json\/wp\/v2\/media?parent=21358"}],"wp:term":[{"taxonomy":"product_brand","embeddable":true,"href":"https:\/\/welabplus.com\/wevision\/wp-json\/wp\/v2\/product_brand?post=21358"},{"taxonomy":"product_cat","embeddable":true,"href":"https:\/\/welabplus.com\/wevision\/wp-json\/wp\/v2\/product_cat?post=21358"},{"taxonomy":"product_tag","embeddable":true,"href":"https:\/\/welabplus.com\/wevision\/wp-json\/wp\/v2\/product_tag?post=21358"}],"curies":[{"name":"wp","href":"https:\/\/api.w.org\/{rel}","templated":true}]}}