{"id":21352,"date":"2025-11-25T17:10:07","date_gmt":"2025-11-25T16:10:07","guid":{"rendered":"https:\/\/welabplus.com\/wevision\/?post_type=product&#038;p=21352"},"modified":"2025-11-26T16:49:32","modified_gmt":"2025-11-26T15:49:32","slug":"arri-fresnel-300-watt","status":"publish","type":"product","link":"https:\/\/welabplus.com\/wevision\/catalogo\/tungsteno\/fresnel-tungsteno\/arri-fresnel-300-watt\/","title":{"rendered":"ARRI FRESNEL 300 Watt"},"content":{"rendered":"<p>El <strong>ARRI FRESNEL 300 Watt<\/strong> de la serie Junior de Arri es una fuente de luz compacta de tugsteno. Es un foco ligero muy recomendable para estudios peque\u00f1os. Est\u00e1 construido en aluminio fundido y es muy resistente. Su lente gran angular produce una salida de luz potente y una buena distribuci\u00f3n luminosa a lo largo de su haz completo.<\/p>\n<p>La base para la l\u00e1mpara del <strong>Arri 300 Plus es GY9.5.<\/strong> Soporta l\u00e1mparas <strong>CP81 FSL 300 W y CP81 FKW 300 W.<\/strong> Su rango de voltaje funciona tanto los 120 como los <strong>230 V,<\/strong> enchuf\u00e1ndose mediante conexi\u00f3n schuko.<\/p>\n<p>El \u00e1ngulo de su haz se puede modificar desde los<strong> 14 hasta los 53 grados<\/strong> con su carro interno que desplaza la lente. Esta lente tiene un di\u00e1metro de<strong> 80 mil\u00edmetros.<\/strong> El Junior <strong>300 Plus<\/strong> pesa tan solo<strong> 2 kilogramos<\/strong> y tiene unas medidas de<strong> 254 x 187 x 160 mil\u00edmetros.<\/strong> Adem\u00e1s, los<strong> Fresnel de 300w de Arri<\/strong> cuentan con un anillo de <strong>13 cent\u00edmetros de di\u00e1metro<\/strong> en el que poder anclar accesorios.<\/p>\n<p>La construcci\u00f3n cl\u00e1sica de ARRI, que utiliza aluminio fundido a presi\u00f3n extruido y resistente a la corrosi\u00f3n, maximiza la resistencia del cuerpo al tiempo que mantiene el peso ligero de un dispositivo de ubicaci\u00f3n. A pesar del peque\u00f1o tama\u00f1o de los cabezales de l\u00e1mpara ARRI Junior, su corta distancia focal, lentes de gran angular producen una salida de luz impresionante y una buena distribuci\u00f3n de luz sobre el \u00e1rea de haz completo.<\/p>\n<p>Los cabezales de l\u00e1mpara ARRI Junior est\u00e1n disponibles en versiones manuales y de poste.<\/p>\n<p>&nbsp;<\/p>\n<h3>Caracter\u00edsticas T\u00e9cnicas del foco ARRI FRESNEL 300 Watt:<\/h3>\n<ul>\n<li>Lentes y reflectores de alta calidad para un excelente rendimiento \u00f3ptico.<\/li>\n<li>Tama\u00f1o compacto y ligero.<\/li>\n<li>Construcci\u00f3n robusta de aluminio fundido a presi\u00f3n extruido y resistente a la corrosi\u00f3n.<\/li>\n<li>Operaci\u00f3n f\u00e1cil y conveniente.<\/li>\n<li>Acceso r\u00e1pido y f\u00e1cil al servicio.<\/li>\n<li>Amplia gama de accesorios.<\/li>\n<\/ul>\n<div>\n<div class=\"\">\n<div>\n<div class=\"\">\n<p>&nbsp;<\/p>\n<\/div>\n<\/div>\n<hr \/>\n<div class=\"social-icon social-big\"><a href=\"https:\/\/www.facebook.com\/welabplus\/\" target=\"_blank\" title=\"\"><i class=\"fa fa-facebook\"><\/i><\/a><\/div>\n<div class=\"social-icon social-big\"><a href=\"https:\/\/twitter.com\/welabplus\" target=\"_blank\" title=\"\"><i class=\"fa fa-twitter\"><\/i><\/a><\/div>\n<div class=\"social-icon social-big\"><a href=\"https:\/\/www.instagram.com\/welabplus\/?hl=es\" target=\"_blank\" title=\"\"><i class=\"fa fa-instagram\"><\/i><\/a><\/div>\n<div class=\"social-icon social-big\"><a href=\"https:\/\/www.linkedin.com\/company\/welabplus\" target=\"_blank\" title=\"\"><i class=\"fa fa-linkedin\"><\/i><\/a><\/div>\n<\/div>\n<\/div>\n","protected":false},"excerpt":{"rendered":"<p>El ARRI FRESNEL 300 Watt de la serie Junior de Arri es una fuente de luz compacta de tugsteno. Es [&hellip;]<\/p>\n","protected":false},"featured_media":28031,"comment_status":"closed","ping_status":"closed","template":"","meta":{"_acf_changed":false,"inline_featured_image":false},"product_brand":[],"product_cat":[9297,5996],"product_tag":[6285,6286,6287,6288],"class_list":{"0":"post-21352","1":"product","2":"type-product","3":"status-publish","4":"has-post-thumbnail","6":"product_cat-fresnel-tungsteno","7":"product_cat-tungsteno","8":"product_tag-iluminacion-para-rodajes","9":"product_tag-alquiler-focos-para-rodajes-cinematograficos","10":"product_tag-iluminacion-en-welab","11":"product_tag-alquiler-fresnel-iluminacion-madrid","13":"first","14":"instock","15":"shipping-taxable","16":"purchasable","17":"product-type-simple"},"acf":[],"yoast_head":"<!-- This site is optimized with the Yoast SEO plugin v26.2 - https:\/\/yoast.com\/wordpress\/plugins\/seo\/ -->\n<title>ARRI FRESNEL 300 Watt - Welabplus<\/title>\n<meta name=\"description\" content=\"Alquiler de ARRI FRESNEL 300 Watt en Welab en Madrid y en las Islas Canarias, para cine publicidad, series, documentales, videoclips...\" \/>\n<meta name=\"robots\" content=\"index, follow, max-snippet:-1, max-image-preview:large, max-video-preview:-1\" \/>\n<link rel=\"canonical\" href=\"https:\/\/welabplus.com\/wevision\/catalogo\/tungsteno\/fresnel-tungsteno\/arri-fresnel-300-watt\/\" \/>\n<meta property=\"og:locale\" content=\"es_ES\" \/>\n<meta property=\"og:type\" content=\"article\" \/>\n<meta property=\"og:title\" content=\"ARRI FRESNEL 300 Watt - Welabplus\" \/>\n<meta property=\"og:description\" content=\"Alquiler de ARRI FRESNEL 300 Watt en Welab en Madrid y en las Islas Canarias, para cine publicidad, series, documentales, videoclips...\" \/>\n<meta property=\"og:url\" content=\"https:\/\/welabplus.com\/wevision\/catalogo\/tungsteno\/fresnel-tungsteno\/arri-fresnel-300-watt\/\" \/>\n<meta property=\"og:site_name\" content=\"Wevision\" \/>\n<meta property=\"article:publisher\" content=\"https:\/\/www.facebook.com\/welab.es\/\" \/>\n<meta property=\"article:modified_time\" content=\"2025-11-26T15:49:32+00:00\" \/>\n<meta property=\"og:image\" content=\"https:\/\/welabplus.com\/wevision\/wp-content\/uploads\/2025\/11\/ALQUILER-ARRI-FRESNEL-300-Watt-WEVISION_WELABPLUS.jpg\" \/>\n\t<meta property=\"og:image:width\" content=\"933\" \/>\n\t<meta property=\"og:image:height\" content=\"557\" \/>\n\t<meta property=\"og:image:type\" content=\"image\/jpeg\" \/>\n<meta name=\"twitter:card\" content=\"summary_large_image\" \/>\n<meta name=\"twitter:site\" content=\"@welabspain\" \/>\n<meta name=\"twitter:label1\" content=\"Tiempo de lectura\" \/>\n\t<meta name=\"twitter:data1\" content=\"2 minutos\" \/>\n<script type=\"application\/ld+json\" class=\"yoast-schema-graph\">{\"@context\":\"https:\/\/schema.org\",\"@graph\":[{\"@type\":\"WebPage\",\"@id\":\"https:\/\/welabplus.com\/wevision\/catalogo\/tungsteno\/fresnel-tungsteno\/arri-fresnel-300-watt\/\",\"url\":\"https:\/\/welabplus.com\/wevision\/catalogo\/tungsteno\/fresnel-tungsteno\/arri-fresnel-300-watt\/\",\"name\":\"ARRI FRESNEL 300 Watt - Welabplus\",\"isPartOf\":{\"@id\":\"https:\/\/welabplus.com\/wevision\/#website\"},\"primaryImageOfPage\":{\"@id\":\"https:\/\/welabplus.com\/wevision\/catalogo\/tungsteno\/fresnel-tungsteno\/arri-fresnel-300-watt\/#primaryimage\"},\"image\":{\"@id\":\"https:\/\/welabplus.com\/wevision\/catalogo\/tungsteno\/fresnel-tungsteno\/arri-fresnel-300-watt\/#primaryimage\"},\"thumbnailUrl\":\"https:\/\/welabplus.com\/wevision\/wp-content\/uploads\/2025\/11\/ALQUILER-ARRI-FRESNEL-300-Watt-WEVISION_WELABPLUS.jpg\",\"datePublished\":\"2025-11-25T16:10:07+00:00\",\"dateModified\":\"2025-11-26T15:49:32+00:00\",\"description\":\"Alquiler de ARRI FRESNEL 300 Watt en Welab en Madrid y en las Islas Canarias, para cine publicidad, series, documentales, videoclips...\",\"breadcrumb\":{\"@id\":\"https:\/\/welabplus.com\/wevision\/catalogo\/tungsteno\/fresnel-tungsteno\/arri-fresnel-300-watt\/#breadcrumb\"},\"inLanguage\":\"es\",\"potentialAction\":[{\"@type\":\"ReadAction\",\"target\":[\"https:\/\/welabplus.com\/wevision\/catalogo\/tungsteno\/fresnel-tungsteno\/arri-fresnel-300-watt\/\"]}]},{\"@type\":\"ImageObject\",\"inLanguage\":\"es\",\"@id\":\"https:\/\/welabplus.com\/wevision\/catalogo\/tungsteno\/fresnel-tungsteno\/arri-fresnel-300-watt\/#primaryimage\",\"url\":\"https:\/\/welabplus.com\/wevision\/wp-content\/uploads\/2025\/11\/ALQUILER-ARRI-FRESNEL-300-Watt-WEVISION_WELABPLUS.jpg\",\"contentUrl\":\"https:\/\/welabplus.com\/wevision\/wp-content\/uploads\/2025\/11\/ALQUILER-ARRI-FRESNEL-300-Watt-WEVISION_WELABPLUS.jpg\",\"width\":933,\"height\":557,\"caption\":\"ALQUILER ARRI FRESNEL 300 WATT WEVISION WELABPLUS\"},{\"@type\":\"BreadcrumbList\",\"@id\":\"https:\/\/welabplus.com\/wevision\/catalogo\/tungsteno\/fresnel-tungsteno\/arri-fresnel-300-watt\/#breadcrumb\",\"itemListElement\":[{\"@type\":\"ListItem\",\"position\":1,\"name\":\"Portada\",\"item\":\"https:\/\/welabplus.com\/wevision\/\"},{\"@type\":\"ListItem\",\"position\":2,\"name\":\"Cat\u00e1logo\",\"item\":\"https:\/\/welabplus.com\/wevision\/catalogo\/\"},{\"@type\":\"ListItem\",\"position\":3,\"name\":\"ARRI FRESNEL 300 Watt\"}]},{\"@type\":\"WebSite\",\"@id\":\"https:\/\/welabplus.com\/wevision\/#website\",\"url\":\"https:\/\/welabplus.com\/wevision\/\",\"name\":\"Welabplus\",\"description\":\"C\u00e1maras y lentes para cine\",\"publisher\":{\"@id\":\"https:\/\/welabplus.com\/wevision\/#organization\"},\"potentialAction\":[{\"@type\":\"SearchAction\",\"target\":{\"@type\":\"EntryPoint\",\"urlTemplate\":\"https:\/\/welabplus.com\/wevision\/?s={search_term_string}\"},\"query-input\":{\"@type\":\"PropertyValueSpecification\",\"valueRequired\":true,\"valueName\":\"search_term_string\"}}],\"inLanguage\":\"es\"},{\"@type\":\"Organization\",\"@id\":\"https:\/\/welabplus.com\/wevision\/#organization\",\"name\":\"Welab Canary Islands\",\"url\":\"https:\/\/welabplus.com\/wevision\/\",\"logo\":{\"@type\":\"ImageObject\",\"inLanguage\":\"es\",\"@id\":\"https:\/\/welabplus.com\/wevision\/#\/schema\/logo\/image\/\",\"url\":\"\",\"contentUrl\":\"\",\"caption\":\"Welab Canary Islands\"},\"image\":{\"@id\":\"https:\/\/welabplus.com\/wevision\/#\/schema\/logo\/image\/\"},\"sameAs\":[\"https:\/\/www.facebook.com\/welab.es\/\",\"https:\/\/x.com\/welabspain\"]}]}<\/script>\n<!-- \/ Yoast SEO plugin. -->","yoast_head_json":{"title":"ARRI FRESNEL 300 Watt - Welabplus","description":"Alquiler de ARRI FRESNEL 300 Watt en Welab en Madrid y en las Islas Canarias, para cine publicidad, series, documentales, videoclips...","robots":{"index":"index","follow":"follow","max-snippet":"max-snippet:-1","max-image-preview":"max-image-preview:large","max-video-preview":"max-video-preview:-1"},"canonical":"https:\/\/welabplus.com\/wevision\/catalogo\/tungsteno\/fresnel-tungsteno\/arri-fresnel-300-watt\/","og_locale":"es_ES","og_type":"article","og_title":"ARRI FRESNEL 300 Watt - Welabplus","og_description":"Alquiler de ARRI FRESNEL 300 Watt en Welab en Madrid y en las Islas Canarias, para cine publicidad, series, documentales, videoclips...","og_url":"https:\/\/welabplus.com\/wevision\/catalogo\/tungsteno\/fresnel-tungsteno\/arri-fresnel-300-watt\/","og_site_name":"Wevision","article_publisher":"https:\/\/www.facebook.com\/welab.es\/","article_modified_time":"2025-11-26T15:49:32+00:00","og_image":[{"width":933,"height":557,"url":"https:\/\/welabplus.com\/wevision\/wp-content\/uploads\/2025\/11\/ALQUILER-ARRI-FRESNEL-300-Watt-WEVISION_WELABPLUS.jpg","type":"image\/jpeg"}],"twitter_card":"summary_large_image","twitter_site":"@welabspain","twitter_misc":{"Tiempo de lectura":"2 minutos"},"schema":{"@context":"https:\/\/schema.org","@graph":[{"@type":"WebPage","@id":"https:\/\/welabplus.com\/wevision\/catalogo\/tungsteno\/fresnel-tungsteno\/arri-fresnel-300-watt\/","url":"https:\/\/welabplus.com\/wevision\/catalogo\/tungsteno\/fresnel-tungsteno\/arri-fresnel-300-watt\/","name":"ARRI FRESNEL 300 Watt - Welabplus","isPartOf":{"@id":"https:\/\/welabplus.com\/wevision\/#website"},"primaryImageOfPage":{"@id":"https:\/\/welabplus.com\/wevision\/catalogo\/tungsteno\/fresnel-tungsteno\/arri-fresnel-300-watt\/#primaryimage"},"image":{"@id":"https:\/\/welabplus.com\/wevision\/catalogo\/tungsteno\/fresnel-tungsteno\/arri-fresnel-300-watt\/#primaryimage"},"thumbnailUrl":"https:\/\/welabplus.com\/wevision\/wp-content\/uploads\/2025\/11\/ALQUILER-ARRI-FRESNEL-300-Watt-WEVISION_WELABPLUS.jpg","datePublished":"2025-11-25T16:10:07+00:00","dateModified":"2025-11-26T15:49:32+00:00","description":"Alquiler de ARRI FRESNEL 300 Watt en Welab en Madrid y en las Islas Canarias, para cine publicidad, series, documentales, videoclips...","breadcrumb":{"@id":"https:\/\/welabplus.com\/wevision\/catalogo\/tungsteno\/fresnel-tungsteno\/arri-fresnel-300-watt\/#breadcrumb"},"inLanguage":"es","potentialAction":[{"@type":"ReadAction","target":["https:\/\/welabplus.com\/wevision\/catalogo\/tungsteno\/fresnel-tungsteno\/arri-fresnel-300-watt\/"]}]},{"@type":"ImageObject","inLanguage":"es","@id":"https:\/\/welabplus.com\/wevision\/catalogo\/tungsteno\/fresnel-tungsteno\/arri-fresnel-300-watt\/#primaryimage","url":"https:\/\/welabplus.com\/wevision\/wp-content\/uploads\/2025\/11\/ALQUILER-ARRI-FRESNEL-300-Watt-WEVISION_WELABPLUS.jpg","contentUrl":"https:\/\/welabplus.com\/wevision\/wp-content\/uploads\/2025\/11\/ALQUILER-ARRI-FRESNEL-300-Watt-WEVISION_WELABPLUS.jpg","width":933,"height":557,"caption":"ALQUILER ARRI FRESNEL 300 WATT WEVISION WELABPLUS"},{"@type":"BreadcrumbList","@id":"https:\/\/welabplus.com\/wevision\/catalogo\/tungsteno\/fresnel-tungsteno\/arri-fresnel-300-watt\/#breadcrumb","itemListElement":[{"@type":"ListItem","position":1,"name":"Portada","item":"https:\/\/welabplus.com\/wevision\/"},{"@type":"ListItem","position":2,"name":"Cat\u00e1logo","item":"https:\/\/welabplus.com\/wevision\/catalogo\/"},{"@type":"ListItem","position":3,"name":"ARRI FRESNEL 300 Watt"}]},{"@type":"WebSite","@id":"https:\/\/welabplus.com\/wevision\/#website","url":"https:\/\/welabplus.com\/wevision\/","name":"Welabplus","description":"C\u00e1maras y lentes para cine","publisher":{"@id":"https:\/\/welabplus.com\/wevision\/#organization"},"potentialAction":[{"@type":"SearchAction","target":{"@type":"EntryPoint","urlTemplate":"https:\/\/welabplus.com\/wevision\/?s={search_term_string}"},"query-input":{"@type":"PropertyValueSpecification","valueRequired":true,"valueName":"search_term_string"}}],"inLanguage":"es"},{"@type":"Organization","@id":"https:\/\/welabplus.com\/wevision\/#organization","name":"Welab Canary Islands","url":"https:\/\/welabplus.com\/wevision\/","logo":{"@type":"ImageObject","inLanguage":"es","@id":"https:\/\/welabplus.com\/wevision\/#\/schema\/logo\/image\/","url":"","contentUrl":"","caption":"Welab Canary Islands"},"image":{"@id":"https:\/\/welabplus.com\/wevision\/#\/schema\/logo\/image\/"},"sameAs":["https:\/\/www.facebook.com\/welab.es\/","https:\/\/x.com\/welabspain"]}]}},"_links":{"self":[{"href":"https:\/\/welabplus.com\/wevision\/wp-json\/wp\/v2\/product\/21352","targetHints":{"allow":["GET"]}}],"collection":[{"href":"https:\/\/welabplus.com\/wevision\/wp-json\/wp\/v2\/product"}],"about":[{"href":"https:\/\/welabplus.com\/wevision\/wp-json\/wp\/v2\/types\/product"}],"replies":[{"embeddable":true,"href":"https:\/\/welabplus.com\/wevision\/wp-json\/wp\/v2\/comments?post=21352"}],"wp:featuredmedia":[{"embeddable":true,"href":"https:\/\/welabplus.com\/wevision\/wp-json\/wp\/v2\/media\/28031"}],"wp:attachment":[{"href":"https:\/\/welabplus.com\/wevision\/wp-json\/wp\/v2\/media?parent=21352"}],"wp:term":[{"taxonomy":"product_brand","embeddable":true,"href":"https:\/\/welabplus.com\/wevision\/wp-json\/wp\/v2\/product_brand?post=21352"},{"taxonomy":"product_cat","embeddable":true,"href":"https:\/\/welabplus.com\/wevision\/wp-json\/wp\/v2\/product_cat?post=21352"},{"taxonomy":"product_tag","embeddable":true,"href":"https:\/\/welabplus.com\/wevision\/wp-json\/wp\/v2\/product_tag?post=21352"}],"curies":[{"name":"wp","href":"https:\/\/api.w.org\/{rel}","templated":true}]}}