{"id":3919,"date":"2020-12-27T12:42:09","date_gmt":"2020-12-27T11:42:09","guid":{"rendered":"https:\/\/welabplus.com\/wevision\/?page_id=3919"},"modified":"2025-12-04T13:26:09","modified_gmt":"2025-12-04T12:26:09","slug":"prensa-wevision","status":"publish","type":"page","link":"https:\/\/welabplus.com\/wevision\/prensa-wevision\/","title":{"rendered":"PRENSA WEVISION"},"content":{"rendered":"<section class=\"wpb-content-wrapper\"><p>[vc_row bg_image=\u00bb28424&#8243; parallax_bg=\u00bbtrue\u00bb stellar_class=\u00bbfixed\u00bb bg_color=\u00bb#bababa\u00bb top_padding=\u00bb20&#8243; bottom_padding=\u00bb20&#8243; bg_position=\u00bbleft top\u00bb][vc_column width=\u00bb1\/2&#8243;]<div class=\"spacer\" style=\"height: 50px;\"><\/div><h1 class=\"headline font-inherit fontsize-xl fontweight-900 lh-12 align-left transform-inherit sombra_banner\" style=\"margin: 0 0 20px 0; color: #ffffff;\">Comunicaci\u00f3n y prensa<\/h1><div class=\"divider divider5\" style='margin:0 0 20px 0 !important;'><\/div><h3 class=\"headline font-inherit fontsize-m fontweight-500 lh-12 align-left transform-inherit sombra_banner\" style=\"margin: 0 0 20px 0; color: #ffffff;\">Descargue aqu\u00ed la documentaci\u00f3n corporativa (logos, im\u00e1genes, v\u00eddeos, brochure&#8230; ) de Wevision Lighting Solutions que necesite y contacta con el departamento de comunicaci\u00f3n<\/h3><div class=\"spacer\" style=\"height: 30px;\"><\/div>[\/vc_column][vc_column width=\u00bb1\/2&#8243;][\/vc_column][\/vc_row][vc_row type=\u00bbfull_width_section\u00bb text_align=\u00bbcenter\u00bb top_padding=\u00bb80&#8243; bottom_padding=\u00bb20&#8243; bg_position=\u00bbleft top\u00bb][vc_column text_align=\u00bbcenter\u00bb width=\u00bb1\/1&#8243;]<h1 class=\"headline font-inherit fontsize-xxl fontweight-inherit lh-inherit align-center transform-inherit \" style=\"margin: 0 0 20px 0; color: #30393f;\">Comunicaci\u00f3n Wevision<br \/>\n<\/h1>[vc_separator el_width=\u00bb50&#8243;][vc_row_inner][vc_column_inner width=\u00bb1\/4&#8243;][\/vc_column_inner][vc_column_inner width=\u00bb1\/2&#8243;][vc_column_text]En el coraz\u00f3n de nuestra identidad reside la <b>comunicaci\u00f3n directa<\/b>, un pilar que nos permite generar un <b>valor significativo<\/b> en cada interacci\u00f3n.<\/p>\n<p>Reconocemos que nuestro \u00e9xito es un reflejo de la confianza de nuestros clientes y seguidores. Por ello, estamos comprometidos a construir una marca distintiva a trav\u00e9s de una comunicaci\u00f3n no solo <b>creativa y eficiente<\/b>, sino tambi\u00e9n una fuente constante de <b>contenido de referencia y alta calidad<\/b>. Esta estrategia comunicativa es la herramienta clave para impulsar tres objetivos fundamentales: el fortalecimiento de nuestro valor de marca, la promoci\u00f3n activa de la <b>responsabilidad social corporativa<\/b> y el apoyo inquebrantable a la <b>inclusi\u00f3n efectiva de la mujer<\/b> en el sector audiovisual, todo ello respaldado por una <b>formaci\u00f3n continua y actualizada<\/b>.[\/vc_column_text][vc_separator el_width=\u00bb50&#8243;][vc_column_text]Mantenemos un compromiso activo con la industria del cine. Por un lado, participamos en festivales nacionales, patrocinando premios y categor\u00edas para <b>respaldar proyectos y talentos emergentes<\/b>. Por otro lado, y bajo la marca Wevision, somos organizadores de <b>talleres, workshops y seminarios<\/b> espec\u00edficos, dise\u00f1ados para la formaci\u00f3n continua y avanzada de equipos t\u00e9cnicos especializados.[\/vc_column_text][vc_separator el_width=\u00bb50&#8243;][vc_column_text]<strong>Ponte en contacto con Wevision si crees que podemos colaborar en tu proyecto.<\/strong>[\/vc_column_text][\/vc_column_inner][vc_column_inner width=\u00bb1\/4&#8243;][\/vc_column_inner][\/vc_row_inner]<div class=\"spacer\" style=\"height: 50px;\"><\/div>[vc_btn title=\u00bbcontactar\u00bb style=\u00bboutline\u00bb color=\u00bbblack\u00bb link=\u00bburl:mailto%3A%20comunicacion%40welabplus.com\u00bb]<div class=\"spacer\" style=\"height: 50px;\"><\/div>[\/vc_column][\/vc_row][vc_row bg_image=\u00bb4057&#8243; parallax_bg=\u00bbtrue\u00bb stellar_class=\u00bbfixed\u00bb bg_color=\u00bb#bababa\u00bb top_padding=\u00bb20&#8243; bottom_padding=\u00bb20&#8243; desktop_visibility=\u00bbhide\u00bb tablet_landscape_visibility=\u00bbhide\u00bb tablet_portrait_visibility=\u00bbhide\u00bb mobile_landscape_visibility=\u00bbhide\u00bb mobile_portrait_visibility=\u00bbhide\u00bb bg_position=\u00bbleft top\u00bb][vc_column width=\u00bb1\/2&#8243;]<div class=\"spacer\" style=\"height: 150px;\"><\/div><h1 class=\"headline font-inherit fontsize-xl fontweight-900 lh-12 align-left transform-inherit sombra_banner\" style=\"margin: 0 0 20px 0; color: #ffffff;\">Protocolo de actuaci\u00f3n para productoras de cine y publicidad<\/h1><div class=\"divider divider5\" style='margin:0 0 20px 0 !important;'><\/div><div class=\"spacer\" style=\"height: 150px;\"><\/div>[\/vc_column][vc_column width=\u00bb1\/2&#8243;]<div class=\"spacer\" style=\"height: 150px;\"><\/div><h3 class=\"headline font-inherit fontsize-m fontweight-500 lh-12 align-left transform-inherit sombra_banner\" style=\"margin: 0 0 20px 0; color: #ffffff;\">Protocolo de actuaci\u00f3n para el desarrollo de la actividad comercial en rodajes de cine y publicidad durante la crisis sanitaria ocasionada por el Covid-19<\/h3>[\/vc_column][\/vc_row][vc_row bg_color=\u00bb#bababa\u00bb top_padding=\u00bb20&#8243; bottom_padding=\u00bb20&#8243; bg_position=\u00bbleft top\u00bb][vc_column width=\u00bb1\/1&#8243;]<div class=\"spacer\" style=\"height: 50px;\"><\/div><h1 class=\"headline font-inherit fontsize-xxxxxl fontweight-900 lh-12 align-center transform-inherit \" style=\"margin: 0 0 20px 0; color: #30393f;\">Descarga de logotipos<\/h1><div class=\"divider divider5\" style='margin:0 0 20px 0 !important;'><\/div><h3 class=\"headline font-inherit fontsize-m fontweight-500 lh-12 align-center transform-inherit \" style=\"margin: 0 0 20px 0; color: #30393f;\">Acceda a los logotipos para utilizarlos en cr\u00e9ditos y en materiales de marketing y patrocinio.<\/h3><div class=\"spacer\" style=\"height: 50px;\"><\/div>[\/vc_column][\/vc_row][vc_row top_padding=\u00bb20&#8243; bottom_padding=\u00bb20&#8243; bg_position=\u00bbleft top\u00bb][vc_column width=\u00bb1\/1&#8243;]<div class=\"spacer\" style=\"height: 50px;\"><\/div><h1 class=\"headline font-inherit fontsize-xxl fontweight-inherit lh-inherit align-center transform-inherit \" style=\"margin: 0 0 20px 0; color: #30393f;\">Logos Wevision para cr\u00e9ditos<br \/>\n<\/h1>[vc_row_inner][vc_column_inner width=\u00bb1\/6&#8243;][\/vc_column_inner][vc_column_inner width=\u00bb2\/3&#8243;][vc_column_text]<\/p>\n<p style=\"text-align: center;\"><span style=\"color: #30393f;\">Los siguientes logotipos pueden utilizarse en los cr\u00e9ditos finales de un proyecto cuando la producci\u00f3n haya contado con los servicios de Wevision e o haya empleado los productos correspondientes. <strong>Cada descarga incluye un archivo .ZIP con versiones en blanco y negro en formatos PNG y EPS<\/strong>. Para obtener m\u00e1s informaci\u00f3n sobre formatos de archivo y su uso, consulte al equipo de Marketing de Marca en <a href=\"mailto:comunicacion@welabplus.com\"><strong>comunicacion@welabplus.com<\/strong><\/a><\/span><\/p>\n<p>[\/vc_column_text][\/vc_column_inner][vc_column_inner width=\u00bb1\/6&#8243;][\/vc_column_inner][\/vc_row_inner]<div class=\"spacer\" style=\"height: 80px;\"><\/div>[vc_row_inner][vc_column_inner width=\u00bb1\/3&#8243;][vc_single_image image=\u00bb28344&#8243; img_size=\u00bbfull\u00bb][vc_column_text]<\/p>\n<p style=\"text-align: center;\"><span style=\"color: #30393f;\">Logo Principal con claim en color<\/span><br \/>\n<a href=\"https:\/\/drive.google.com\/file\/d\/1SaX1S0_vtGrxx6mM7z0ikhJhoNdxhRWL\/view?usp=sharing\"><span style=\"color: #30393f;\"><u><strong>descarga<\/strong><\/u><\/span><\/a><\/p>\n<hr \/>\n<p>[\/vc_column_text][\/vc_column_inner][vc_column_inner width=\u00bb1\/3&#8243;][vc_single_image image=\u00bb28346&#8243; img_size=\u00bbfull\u00bb][vc_column_text]<\/p>\n<p style=\"text-align: center;\"><span style=\"color: #30393f;\">Logo Principal con claim en negro<\/span><br \/>\n<a href=\"https:\/\/drive.google.com\/file\/d\/1SaX1S0_vtGrxx6mM7z0ikhJhoNdxhRWL\/view?usp=sharing\"><span style=\"color: #30393f;\"><u><strong>descarga<\/strong><\/u><\/span><\/a><\/p>\n<hr \/>\n<p>[\/vc_column_text][\/vc_column_inner][vc_column_inner width=\u00bb1\/3&#8243;][vc_single_image image=\u00bb28345&#8243; img_size=\u00bbfull\u00bb][vc_column_text]<\/p>\n<p style=\"text-align: center;\"><span style=\"color: #30393f;\">Logo Principal con claim en blanco<\/span><br \/>\n<a href=\"https:\/\/drive.google.com\/file\/d\/1SaX1S0_vtGrxx6mM7z0ikhJhoNdxhRWL\/view?usp=sharing\"><span style=\"color: #30393f;\"><u><strong>descarga<\/strong><\/u><\/span><\/a><\/p>\n<hr \/>\n<p>[\/vc_column_text][\/vc_column_inner][\/vc_row_inner]<div class=\"spacer\" style=\"height: 80px;\"><\/div>[vc_row_inner][vc_column_inner width=\u00bb1\/3&#8243;][vc_single_image image=\u00bb28348&#8243; img_size=\u00bbfull\u00bb][vc_column_text]<\/p>\n<p style=\"text-align: center;\"><span style=\"color: #30393f;\">Logo Principal sin claim en negro<\/span><br \/>\n<a href=\"https:\/\/drive.google.com\/file\/d\/1yZHuc7lkZ1vPuRiiXJG7fVc6_UOB6Dhg\/view?usp=sharing\"><span style=\"color: #30393f;\"><u><strong>descarga<\/strong><\/u><\/span><\/a><\/p>\n<hr \/>\n<p>[\/vc_column_text][\/vc_column_inner][vc_column_inner width=\u00bb1\/3&#8243;][vc_single_image image=\u00bb28349&#8243; img_size=\u00bbfull\u00bb][vc_column_text]<\/p>\n<p style=\"text-align: center;\"><span style=\"color: #30393f;\">Logo Principal sin claim en blanco<\/span><br \/>\n<a href=\"https:\/\/drive.google.com\/file\/d\/1yZHuc7lkZ1vPuRiiXJG7fVc6_UOB6Dhg\/view?usp=sharing\"><span style=\"color: #30393f;\"><u><strong>descarga<\/strong><\/u><\/span><\/a><\/p>\n<hr \/>\n<p>[\/vc_column_text][\/vc_column_inner][vc_column_inner width=\u00bb1\/3&#8243;][vc_single_image image=\u00bb28350&#8243; img_size=\u00bbfull\u00bb][vc_column_text]<\/p>\n<p style=\"text-align: center;\"><span style=\"color: #30393f;\">Logo Principal sin claim en color<\/span><br \/>\n<a href=\"https:\/\/drive.google.com\/file\/d\/1yZHuc7lkZ1vPuRiiXJG7fVc6_UOB6Dhg\/view?usp=sharing\"><span style=\"color: #30393f;\"><u><strong>descarga<\/strong><\/u><\/span><\/a><\/p>\n<hr \/>\n<p>[\/vc_column_text][\/vc_column_inner][\/vc_row_inner]<div class=\"spacer\" style=\"height: 80px;\"><\/div>[vc_row_inner][vc_column_inner width=\u00bb1\/6&#8243;][\/vc_column_inner][vc_column_inner width=\u00bb2\/3&#8243;][vc_column_text]<\/p>\n<p style=\"text-align: center;\"><span style=\"color: #30393f;\"><u><strong>IMPORTANTE:<\/strong><\/u> Wevision solicita y recomienda el uso del logotipo principal (con o sin claim) salvo que por cuestiones de espacio, u otro motivo, no sea viable en cuyo caso deber\u00e1 utilizarse el isotipo que aqu\u00ed presentamos.<\/span><\/p>\n<p>[\/vc_column_text][\/vc_column_inner][vc_column_inner width=\u00bb1\/6&#8243;][\/vc_column_inner][\/vc_row_inner]<div class=\"spacer\" style=\"height: 80px;\"><\/div>[vc_row_inner][vc_column_inner width=\u00bb1\/3&#8243;][vc_single_image image=\u00bb28358&#8243; img_size=\u00bbfull\u00bb][vc_column_text]<\/p>\n<p style=\"text-align: center;\"><span style=\"color: #30393f;\">Isotipo en blanco<\/span><br \/>\n<a href=\"https:\/\/drive.google.com\/file\/d\/1NtzFrYv3dnw5lBgPRAdwsiKSBUNWpETw\/view?usp=sharing\"><span style=\"color: #30393f;\"><u><strong>descarga<\/strong><\/u><\/span><\/a><\/p>\n<hr \/>\n<p>[\/vc_column_text][\/vc_column_inner][vc_column_inner width=\u00bb1\/3&#8243;][vc_single_image image=\u00bb28357&#8243; img_size=\u00bbfull\u00bb][vc_column_text]<\/p>\n<p style=\"text-align: center;\"><span style=\"color: #30393f;\">Isotipo en color<\/span><br \/>\n<a href=\"https:\/\/drive.google.com\/file\/d\/1WTMKYlbEOMtLRsX0MYusWUPyysVo4SA4\/view?usp=sharing\"><span style=\"color: #30393f;\"><u><strong>descarga<\/strong><\/u><\/span><\/a><\/p>\n<hr \/>\n<p>[\/vc_column_text][\/vc_column_inner][vc_column_inner width=\u00bb1\/3&#8243;][vc_single_image image=\u00bb28356&#8243; img_size=\u00bbfull\u00bb][vc_column_text]<\/p>\n<p style=\"text-align: center;\"><span style=\"color: #30393f;\">Isotipo en negro<\/span><br \/>\n<a href=\"https:\/\/drive.google.com\/file\/d\/1CbzWuSpMyprG8DH3pWqFEIkbOv8TD9uf\/view?usp=sharing\"><span style=\"color: #30393f;\"><u><strong>descarga<\/strong><\/u><\/span><\/a><\/p>\n<hr \/>\n<p>[\/vc_column_text][\/vc_column_inner][\/vc_row_inner]<div class=\"spacer\" style=\"height: 160px;\"><\/div>[\/vc_column][\/vc_row][vc_row bg_color=\u00bb#bababa\u00bb top_padding=\u00bb20&#8243; bottom_padding=\u00bb20&#8243; desktop_visibility=\u00bbhide\u00bb tablet_landscape_visibility=\u00bbhide\u00bb tablet_portrait_visibility=\u00bbhide\u00bb mobile_landscape_visibility=\u00bbhide\u00bb mobile_portrait_visibility=\u00bbhide\u00bb bg_position=\u00bbleft top\u00bb][vc_column width=\u00bb1\/1&#8243;]<div class=\"spacer\" style=\"height: 50px;\"><\/div><h1 class=\"headline font-inherit fontsize-xxxxxl fontweight-900 lh-12 align-center transform-inherit \" style=\"margin: 0 0 20px 0; color: #30393f;\">Descarga del brochure corporativo<\/h1><div class=\"divider divider5\" style='margin:0 0 20px 0 !important;'><\/div>[vc_column_text]<\/p>\n<p style=\"text-align: center;\"><a href=\"https:\/\/drive.google.com\/file\/d\/1KbvyiNYVxn4z5kqRHLmG29IQwjeLUwbq\/view?usp=sharing\"><span style=\"color: #30393f;\"><u><strong>descarga<\/strong><\/u><\/span><\/a><\/p>\n<p>[\/vc_column_text]<div class=\"spacer\" style=\"height: 50px;\"><\/div>[\/vc_column][\/vc_row]<\/p>\n<\/section>","protected":false},"excerpt":{"rendered":"<p>[vc_row bg_image=\u00bb28424&#8243; parallax_bg=\u00bbtrue\u00bb stellar_class=\u00bbfixed\u00bb bg_color=\u00bb#bababa\u00bb top_padding=\u00bb20&#8243; bottom_padding=\u00bb20&#8243; bg_position=\u00bbleft top\u00bb][vc_column width=\u00bb1\/2&#8243;][\/vc_column][vc_column width=\u00bb1\/2&#8243;][\/vc_column][\/vc_row][vc_row type=\u00bbfull_width_section\u00bb text_align=\u00bbcenter\u00bb top_padding=\u00bb80&#8243; bottom_padding=\u00bb20&#8243; bg_position=\u00bbleft top\u00bb][vc_column text_align=\u00bbcenter\u00bb width=\u00bb1\/1&#8243;][vc_separator el_width=\u00bb50&#8243;][vc_row_inner][vc_column_inner [&hellip;]<\/p>\n","protected":false},"author":1,"featured_media":0,"parent":0,"menu_order":0,"comment_status":"closed","ping_status":"closed","template":"","meta":{"_acf_changed":false,"inline_featured_image":false,"footnotes":""},"categories":[],"tags":[],"class_list":["post-3919","page","type-page","status-publish","hentry"],"acf":[],"yoast_head":"<!-- This site is optimized with the Yoast SEO plugin v26.2 - https:\/\/yoast.com\/wordpress\/plugins\/seo\/ -->\n<title>Selecci\u00f3n de prensa Welab - WeVision Lighting Solutions<\/title>\n<meta name=\"description\" content=\"Alquiler de equipos cinematogr\u00e1ficos, de rodaje y material audiovisual para todo tipo de producciones: cine, series, tv, videoclips, spots, etc...\" \/>\n<meta name=\"robots\" content=\"index, follow, max-snippet:-1, max-image-preview:large, max-video-preview:-1\" \/>\n<link rel=\"canonical\" href=\"https:\/\/welabplus.com\/wevision\/prensa-wevision\/\" \/>\n<meta property=\"og:locale\" content=\"es_ES\" \/>\n<meta property=\"og:type\" content=\"article\" \/>\n<meta property=\"og:title\" content=\"Selecci\u00f3n de prensa Welab - WeVision Lighting Solutions\" \/>\n<meta property=\"og:description\" content=\"Alquiler de equipos cinematogr\u00e1ficos, de rodaje y material audiovisual para todo tipo de producciones: cine, series, tv, videoclips, spots, etc...\" \/>\n<meta property=\"og:url\" content=\"https:\/\/welabplus.com\/wevision\/prensa-wevision\/\" \/>\n<meta property=\"og:site_name\" content=\"Wevision\" \/>\n<meta property=\"article:publisher\" content=\"https:\/\/www.facebook.com\/welab.es\/\" \/>\n<meta property=\"article:modified_time\" content=\"2025-12-04T12:26:09+00:00\" \/>\n<meta name=\"twitter:card\" content=\"summary_large_image\" \/>\n<meta name=\"twitter:site\" content=\"@welabspain\" \/>\n<meta name=\"twitter:label1\" content=\"Tiempo de lectura\" \/>\n\t<meta name=\"twitter:data1\" content=\"6 minutos\" \/>\n<script type=\"application\/ld+json\" class=\"yoast-schema-graph\">{\"@context\":\"https:\/\/schema.org\",\"@graph\":[{\"@type\":\"WebPage\",\"@id\":\"https:\/\/welabplus.com\/wevision\/prensa-wevision\/\",\"url\":\"https:\/\/welabplus.com\/wevision\/prensa-wevision\/\",\"name\":\"Selecci\u00f3n de prensa Welab - WeVision Lighting Solutions\",\"isPartOf\":{\"@id\":\"https:\/\/welabplus.com\/wevision\/#website\"},\"datePublished\":\"2020-12-27T11:42:09+00:00\",\"dateModified\":\"2025-12-04T12:26:09+00:00\",\"description\":\"Alquiler de equipos cinematogr\u00e1ficos, de rodaje y material audiovisual para todo tipo de producciones: cine, series, tv, videoclips, spots, etc...\",\"breadcrumb\":{\"@id\":\"https:\/\/welabplus.com\/wevision\/prensa-wevision\/#breadcrumb\"},\"inLanguage\":\"es\",\"potentialAction\":[{\"@type\":\"ReadAction\",\"target\":[\"https:\/\/welabplus.com\/wevision\/prensa-wevision\/\"]}]},{\"@type\":\"BreadcrumbList\",\"@id\":\"https:\/\/welabplus.com\/wevision\/prensa-wevision\/#breadcrumb\",\"itemListElement\":[{\"@type\":\"ListItem\",\"position\":1,\"name\":\"Portada\",\"item\":\"https:\/\/welabplus.com\/wevision\/\"},{\"@type\":\"ListItem\",\"position\":2,\"name\":\"PRENSA WEVISION\"}]},{\"@type\":\"WebSite\",\"@id\":\"https:\/\/welabplus.com\/wevision\/#website\",\"url\":\"https:\/\/welabplus.com\/wevision\/\",\"name\":\"Welabplus\",\"description\":\"C\u00e1maras y lentes para cine\",\"publisher\":{\"@id\":\"https:\/\/welabplus.com\/wevision\/#organization\"},\"potentialAction\":[{\"@type\":\"SearchAction\",\"target\":{\"@type\":\"EntryPoint\",\"urlTemplate\":\"https:\/\/welabplus.com\/wevision\/?s={search_term_string}\"},\"query-input\":{\"@type\":\"PropertyValueSpecification\",\"valueRequired\":true,\"valueName\":\"search_term_string\"}}],\"inLanguage\":\"es\"},{\"@type\":\"Organization\",\"@id\":\"https:\/\/welabplus.com\/wevision\/#organization\",\"name\":\"Welab Canary Islands\",\"url\":\"https:\/\/welabplus.com\/wevision\/\",\"logo\":{\"@type\":\"ImageObject\",\"inLanguage\":\"es\",\"@id\":\"https:\/\/welabplus.com\/wevision\/#\/schema\/logo\/image\/\",\"url\":\"\",\"contentUrl\":\"\",\"caption\":\"Welab Canary Islands\"},\"image\":{\"@id\":\"https:\/\/welabplus.com\/wevision\/#\/schema\/logo\/image\/\"},\"sameAs\":[\"https:\/\/www.facebook.com\/welab.es\/\",\"https:\/\/x.com\/welabspain\"]}]}<\/script>\n<!-- \/ Yoast SEO plugin. -->","yoast_head_json":{"title":"Selecci\u00f3n de prensa Welab - WeVision Lighting Solutions","description":"Alquiler de equipos cinematogr\u00e1ficos, de rodaje y material audiovisual para todo tipo de producciones: cine, series, tv, videoclips, spots, etc...","robots":{"index":"index","follow":"follow","max-snippet":"max-snippet:-1","max-image-preview":"max-image-preview:large","max-video-preview":"max-video-preview:-1"},"canonical":"https:\/\/welabplus.com\/wevision\/prensa-wevision\/","og_locale":"es_ES","og_type":"article","og_title":"Selecci\u00f3n de prensa Welab - WeVision Lighting Solutions","og_description":"Alquiler de equipos cinematogr\u00e1ficos, de rodaje y material audiovisual para todo tipo de producciones: cine, series, tv, videoclips, spots, etc...","og_url":"https:\/\/welabplus.com\/wevision\/prensa-wevision\/","og_site_name":"Wevision","article_publisher":"https:\/\/www.facebook.com\/welab.es\/","article_modified_time":"2025-12-04T12:26:09+00:00","twitter_card":"summary_large_image","twitter_site":"@welabspain","twitter_misc":{"Tiempo de lectura":"6 minutos"},"schema":{"@context":"https:\/\/schema.org","@graph":[{"@type":"WebPage","@id":"https:\/\/welabplus.com\/wevision\/prensa-wevision\/","url":"https:\/\/welabplus.com\/wevision\/prensa-wevision\/","name":"Selecci\u00f3n de prensa Welab - WeVision Lighting Solutions","isPartOf":{"@id":"https:\/\/welabplus.com\/wevision\/#website"},"datePublished":"2020-12-27T11:42:09+00:00","dateModified":"2025-12-04T12:26:09+00:00","description":"Alquiler de equipos cinematogr\u00e1ficos, de rodaje y material audiovisual para todo tipo de producciones: cine, series, tv, videoclips, spots, etc...","breadcrumb":{"@id":"https:\/\/welabplus.com\/wevision\/prensa-wevision\/#breadcrumb"},"inLanguage":"es","potentialAction":[{"@type":"ReadAction","target":["https:\/\/welabplus.com\/wevision\/prensa-wevision\/"]}]},{"@type":"BreadcrumbList","@id":"https:\/\/welabplus.com\/wevision\/prensa-wevision\/#breadcrumb","itemListElement":[{"@type":"ListItem","position":1,"name":"Portada","item":"https:\/\/welabplus.com\/wevision\/"},{"@type":"ListItem","position":2,"name":"PRENSA WEVISION"}]},{"@type":"WebSite","@id":"https:\/\/welabplus.com\/wevision\/#website","url":"https:\/\/welabplus.com\/wevision\/","name":"Welabplus","description":"C\u00e1maras y lentes para cine","publisher":{"@id":"https:\/\/welabplus.com\/wevision\/#organization"},"potentialAction":[{"@type":"SearchAction","target":{"@type":"EntryPoint","urlTemplate":"https:\/\/welabplus.com\/wevision\/?s={search_term_string}"},"query-input":{"@type":"PropertyValueSpecification","valueRequired":true,"valueName":"search_term_string"}}],"inLanguage":"es"},{"@type":"Organization","@id":"https:\/\/welabplus.com\/wevision\/#organization","name":"Welab Canary Islands","url":"https:\/\/welabplus.com\/wevision\/","logo":{"@type":"ImageObject","inLanguage":"es","@id":"https:\/\/welabplus.com\/wevision\/#\/schema\/logo\/image\/","url":"","contentUrl":"","caption":"Welab Canary Islands"},"image":{"@id":"https:\/\/welabplus.com\/wevision\/#\/schema\/logo\/image\/"},"sameAs":["https:\/\/www.facebook.com\/welab.es\/","https:\/\/x.com\/welabspain"]}]}},"_links":{"self":[{"href":"https:\/\/welabplus.com\/wevision\/wp-json\/wp\/v2\/pages\/3919","targetHints":{"allow":["GET"]}}],"collection":[{"href":"https:\/\/welabplus.com\/wevision\/wp-json\/wp\/v2\/pages"}],"about":[{"href":"https:\/\/welabplus.com\/wevision\/wp-json\/wp\/v2\/types\/page"}],"author":[{"embeddable":true,"href":"https:\/\/welabplus.com\/wevision\/wp-json\/wp\/v2\/users\/1"}],"replies":[{"embeddable":true,"href":"https:\/\/welabplus.com\/wevision\/wp-json\/wp\/v2\/comments?post=3919"}],"version-history":[{"count":66,"href":"https:\/\/welabplus.com\/wevision\/wp-json\/wp\/v2\/pages\/3919\/revisions"}],"predecessor-version":[{"id":28427,"href":"https:\/\/welabplus.com\/wevision\/wp-json\/wp\/v2\/pages\/3919\/revisions\/28427"}],"wp:attachment":[{"href":"https:\/\/welabplus.com\/wevision\/wp-json\/wp\/v2\/media?parent=3919"}],"wp:term":[{"taxonomy":"category","embeddable":true,"href":"https:\/\/welabplus.com\/wevision\/wp-json\/wp\/v2\/categories?post=3919"},{"taxonomy":"post_tag","embeddable":true,"href":"https:\/\/welabplus.com\/wevision\/wp-json\/wp\/v2\/tags?post=3919"}],"curies":[{"name":"wp","href":"https:\/\/api.w.org\/{rel}","templated":true}]}}